Last updated on 2025-04-28 18:50:18 CEST.
Flavor | Version | Tinstall | Tcheck | Ttotal | Status | Flags |
---|---|---|---|---|---|---|
r-devel-linux-x86_64-debian-clang | 1.2 | 12.86 | 106.78 | 119.64 | NOTE | |
r-devel-linux-x86_64-debian-gcc | 1.2 | 8.73 | 74.13 | 82.86 | NOTE | |
r-devel-linux-x86_64-fedora-clang | 1.2 | 183.77 | OK | |||
r-devel-linux-x86_64-fedora-gcc | 1.2 | 180.91 | OK | |||
r-devel-windows-x86_64 | 1.2 | 13.00 | 113.00 | 126.00 | NOTE | |
r-patched-linux-x86_64 | 1.2 | 13.55 | 102.29 | 115.84 | NOTE | |
r-release-linux-x86_64 | 1.2 | 11.51 | 100.62 | 112.13 | NOTE | |
r-release-macos-arm64 | 1.2 | 53.00 | OK | |||
r-release-macos-x86_64 | 1.2 | 138.00 | OK | |||
r-release-windows-x86_64 | 1.2 | 13.00 | 112.00 | 125.00 | NOTE | |
r-oldrel-macos-arm64 | 1.2 | 48.00 | OK | |||
r-oldrel-macos-x86_64 | 1.2 | 86.00 | OK | |||
r-oldrel-windows-x86_64 | 1.2 | 19.00 | 144.00 | 163.00 | OK |
Version: 1.2
Check: Rd cross-references
Result: NOTE
Found the following Rd file(s) with Rd \link{} targets missing package
anchors:
AHeVT.Rd: truncSP
AHeVXT.Rd: truncSP
QRIndiv.Rd: truncSP
QRSimul.Rd: truncSP
QRStepwise.Rd: truncSP
QRWSimul.Rd: truncSP
simul_shapetest.Rd: truncSP
Please provide package anchors for all Rd \link{} targets not in the
package itself and the base packages.
Flavors: r-devel-linux-x86_64-debian-clang, r-devel-linux-x86_64-debian-gcc, r-devel-windows-x86_64, r-patched-linux-x86_64, r-release-linux-x86_64, r-release-windows-x86_64
Version: 1.2
Check: CRAN incoming feasibility
Result: NOTE
Maintainer: ‘"Andriyana.Y" <y.andriyana@unpad.ac.id>’
No Authors@R field in DESCRIPTION.
Please add one, modifying
Authors@R: c(person(family = "'Andriyana"),
person(family = "Y.'",
role = c("aut", "cre")),
person(given = c("'Ibrahim", "M."),
family = "A.'",
role = "aut"),
person(family = "'Gijbels"),
person(family = "I.'",
role = "ctb"),
person(given = "'Verhasselt",
family = "A.'",
role = "ctb"),
person(family = "\"Andriyana.Y\"",
role = "cre",
email = "y.andriyana@unpad.ac.id"))
as necessary.
Flavor: r-devel-linux-x86_64-debian-gcc