Last updated on 2025-04-28 18:50:18 CEST.
Flavor | Version | Tinstall | Tcheck | Ttotal | Status | Flags |
---|---|---|---|---|---|---|
r-devel-linux-x86_64-debian-clang | 2.1.1 | 27.23 | 99.34 | 126.57 | OK | |
r-devel-linux-x86_64-debian-gcc | 2.1.1 | 18.38 | 67.90 | 86.28 | NOTE | |
r-devel-linux-x86_64-fedora-clang | 2.1.1 | 200.19 | OK | |||
r-devel-linux-x86_64-fedora-gcc | 2.1.1 | 184.14 | OK | |||
r-devel-windows-x86_64 | 2.1.1 | 27.00 | 111.00 | 138.00 | OK | |
r-patched-linux-x86_64 | 2.1.1 | 25.11 | 90.71 | 115.82 | OK | |
r-release-linux-x86_64 | 2.1.1 | 25.85 | 89.66 | 115.51 | OK | |
r-release-macos-arm64 | 2.1.1 | 56.00 | OK | |||
r-release-macos-x86_64 | 2.1.1 | 187.00 | OK | |||
r-release-windows-x86_64 | 2.1.1 | 27.00 | 114.00 | 141.00 | OK | |
r-oldrel-macos-arm64 | 2.1.1 | 52.00 | OK | |||
r-oldrel-macos-x86_64 | 2.1.1 | 79.00 | OK | |||
r-oldrel-windows-x86_64 | 2.1.1 | 37.00 | 135.00 | 172.00 | OK |
Version: 2.1.1
Check: CRAN incoming feasibility
Result: NOTE
Maintainer: ‘Yuanming Zhang<soyzhang@mail.hzau.edu.cn>’
No Authors@R field in DESCRIPTION.
Please add one, modifying
Authors@R: c(person(given = "Zhang",
family = "Ya-Wen",
role = "aut"),
person(given = "Wen",
family = "Yang-Jun",
role = "aut"),
person(given = "Wang",
family = "Shi-Bo",
role = "aut"),
person(given = "Zhang",
family = "Yuan-Ming",
role = "aut"),
person(given = "Yuanming",
family = "Zhang",
role = "cre",
email = "soyzhang@mail.hzau.edu.cn"))
as necessary.
Flavor: r-devel-linux-x86_64-debian-gcc