CRAN Package Check Results for Package R62S3

Last updated on 2025-04-28 18:50:18 CEST.

Flavor Version Tinstall Tcheck Ttotal Status Flags
r-devel-linux-x86_64-debian-clang 1.4.1 1.78 20.32 22.10 OK
r-devel-linux-x86_64-debian-gcc 1.4.1 1.45 17.78 19.23 OK
r-devel-linux-x86_64-fedora-clang 1.4.1 35.03 OK
r-devel-linux-x86_64-fedora-gcc 1.4.1 36.30 OK
r-devel-windows-x86_64 1.4.1 3.00 41.00 44.00 OK
r-patched-linux-x86_64 1.4.1 1.94 20.36 22.30 OK
r-release-linux-x86_64 1.4.1 1.65 19.99 21.64 OK
r-release-macos-arm64 1.4.1 16.00 OK
r-release-macos-x86_64 1.4.1 23.00 OK
r-release-windows-x86_64 1.4.1 3.00 43.00 46.00 OK
r-oldrel-macos-arm64 1.4.1 16.00 NOTE
r-oldrel-macos-x86_64 1.4.1 24.00 NOTE
r-oldrel-windows-x86_64 1.4.1 4.00 42.00 46.00 NOTE

Check Details

Version: 1.4.1
Check: LazyData
Result: NOTE 'LazyData' is specified without a 'data' directory Flavors: r-oldrel-macos-arm64, r-oldrel-macos-x86_64, r-oldrel-windows-x86_64