CRAN Package Check Results for Package RDStreeboot

Last updated on 2025-04-29 06:49:53 CEST.

Flavor Version Tinstall Tcheck Ttotal Status Flags
r-devel-linux-x86_64-debian-clang 1.0 1.75 21.24 22.99 OK
r-devel-linux-x86_64-debian-gcc 1.0 1.43 16.94 18.37 NOTE
r-devel-linux-x86_64-fedora-clang 1.0 36.13 OK
r-devel-linux-x86_64-fedora-gcc 1.0 34.89 OK
r-devel-windows-x86_64 1.0 2.00 39.00 41.00 OK
r-patched-linux-x86_64 1.0 1.88 20.71 22.59 OK
r-release-linux-x86_64 1.0 1.77 20.59 22.36 OK
r-release-macos-arm64 1.0 18.00 OK
r-release-macos-x86_64 1.0 27.00 OK
r-release-windows-x86_64 1.0 2.00 39.00 41.00 OK
r-oldrel-macos-arm64 1.0 15.00 OK
r-oldrel-macos-x86_64 1.0 26.00 OK
r-oldrel-windows-x86_64 1.0 2.00 39.00 41.00 OK

Check Details

Version: 1.0
Check: CRAN incoming feasibility
Result: NOTE Maintainer: ‘Aaron J. Baraff <ajbaraff@uw.edu>’ No Authors@R field in DESCRIPTION. Please add one, modifying Authors@R: person(given = c("Aaron", "J."), family = "Baraff", role = c("aut", "cre"), email = "ajbaraff@uw.edu") as necessary. Flavor: r-devel-linux-x86_64-debian-gcc