CRAN Package Check Results for Package REBayes

Last updated on 2025-07-04 07:49:38 CEST.

Flavor Version Tinstall Tcheck Ttotal Status Flags
r-devel-linux-x86_64-debian-clang 2.56 9.70 104.22 113.92 NOTE
r-devel-linux-x86_64-debian-gcc 2.56 6.35 78.16 84.51 NOTE
r-devel-windows-x86_64 2.56 10.00 174.00 184.00 OK
r-patched-linux-x86_64 2.56 10.64 98.58 109.22 NOTE
r-release-linux-x86_64 2.56 9.21 99.21 108.42 NOTE
r-release-macos-arm64 2.56 81.00 OK
r-release-macos-x86_64 2.56 130.00 OK
r-release-windows-x86_64 2.56 11.00 169.00 180.00 OK
r-oldrel-macos-arm64 2.56 77.00 OK
r-oldrel-macos-x86_64 2.56 208.00 OK
r-oldrel-windows-x86_64 2.56 13.00 183.00 196.00 OK

Check Details

Version: 2.56
Check: for unstated dependencies in ‘demo’
Result: NOTE 'library' or 'require' call not declared from: ‘deconvolveR’ Flavors: r-devel-linux-x86_64-debian-clang, r-devel-linux-x86_64-debian-gcc, r-patched-linux-x86_64, r-release-linux-x86_64