Last updated on 2025-04-28 18:50:19 CEST.
Flavor | Version | Tinstall | Tcheck | Ttotal | Status | Flags |
---|---|---|---|---|---|---|
r-devel-linux-x86_64-debian-clang | 1.3.7 | 6.72 | 81.14 | 87.86 | NOTE | |
r-devel-linux-x86_64-debian-gcc | 1.3.7 | 4.70 | 60.31 | 65.01 | NOTE | |
r-devel-linux-x86_64-fedora-clang | 1.3.7 | 134.29 | OK | |||
r-devel-linux-x86_64-fedora-gcc | 1.3.7 | 144.31 | OK | |||
r-devel-windows-x86_64 | 1.3.7 | 9.00 | 94.00 | 103.00 | NOTE | |
r-patched-linux-x86_64 | 1.3.7 | 6.38 | 77.42 | 83.80 | NOTE | |
r-release-linux-x86_64 | 1.3.7 | 7.54 | 77.24 | 84.78 | NOTE | |
r-release-macos-arm64 | 1.3.7 | 51.00 | OK | |||
r-release-macos-x86_64 | 1.3.7 | 74.00 | OK | |||
r-release-windows-x86_64 | 1.3.7 | 9.00 | 96.00 | 105.00 | NOTE | |
r-oldrel-macos-arm64 | 1.3.7 | 37.00 | OK | |||
r-oldrel-macos-x86_64 | 1.3.7 | 55.00 | OK | |||
r-oldrel-windows-x86_64 | 1.3.7 | 11.00 | 115.00 | 126.00 | OK |
Version: 1.3.7
Check: Rd cross-references
Result: NOTE
Found the following Rd file(s) with Rd \link{} targets missing package
anchors:
generate.Rd: varest-class, varest2-class, inv_GPCA,
GPCAvarest2-class, adddate, getVARmodel
Please provide package anchors for all Rd \link{} targets not in the
package itself and the base packages.
Flavors: r-devel-linux-x86_64-debian-clang, r-devel-linux-x86_64-debian-gcc, r-devel-windows-x86_64, r-patched-linux-x86_64, r-release-linux-x86_64, r-release-windows-x86_64
Version: 1.3.7
Check: CRAN incoming feasibility
Result: NOTE
Maintainer: ‘Emanuele Cordano <emanuele.cordano@gmail.com>’
No Authors@R field in DESCRIPTION.
Please add one, modifying
Authors@R: person(given = "Emanuele",
family = "Cordano",
role = c("aut", "cre"),
email = "emanuele.cordano@gmail.com")
as necessary.
Package CITATION file contains call(s) to old-style citEntry(). Please
use bibentry() instead.
Flavor: r-devel-linux-x86_64-debian-gcc