Last updated on 2025-04-29 06:49:54 CEST.
Flavor | Version | Tinstall | Tcheck | Ttotal | Status | Flags |
---|---|---|---|---|---|---|
r-devel-linux-x86_64-debian-clang | 1.4.9 | 16.01 | 130.49 | 146.50 | OK | |
r-devel-linux-x86_64-debian-gcc | 1.4.9 | 13.47 | 97.67 | 111.14 | NOTE | |
r-devel-linux-x86_64-fedora-clang | 1.4.9 | 251.96 | OK | |||
r-devel-linux-x86_64-fedora-gcc | 1.4.9 | 234.59 | OK | |||
r-devel-windows-x86_64 | 1.4.9 | 19.00 | 155.00 | 174.00 | OK | |
r-patched-linux-x86_64 | 1.4.9 | 19.20 | 130.37 | 149.57 | OK | |
r-release-linux-x86_64 | 1.4.9 | 15.58 | 128.95 | 144.53 | OK | |
r-release-macos-arm64 | 1.4.9 | 71.00 | OK | |||
r-release-macos-x86_64 | 1.4.9 | 139.00 | OK | |||
r-release-windows-x86_64 | 1.4.9 | 21.00 | 159.00 | 180.00 | OK | |
r-oldrel-macos-arm64 | 1.4.9 | 69.00 | NOTE | |||
r-oldrel-macos-x86_64 | 1.4.9 | 134.00 | NOTE | |||
r-oldrel-windows-x86_64 | 1.4.9 | 27.00 | 182.00 | 209.00 | NOTE |
Version: 1.4.9
Check: CRAN incoming feasibility
Result: NOTE
Maintainer: ‘Torsten Schoeps <torsten.schoeps@bioinf.med.uni-goettingen.de>’
No Authors@R field in DESCRIPTION.
Please add one, modifying
Authors@R: c(person(given = c("Heiko", "Mannsperger", "with", "contributions", "of", "Stephan"),
family = "Gade",
role = "aut"),
person(given = "Torsten",
family = "Schoeps",
role = "cre",
email = "torsten.schoeps@bioinf.med.uni-goettingen.de"))
as necessary.
Flavor: r-devel-linux-x86_64-debian-gcc
Version: 1.4.9
Check: installed package size
Result: NOTE
installed size is 5.4Mb
sub-directories of 1Mb or more:
extdata 4.5Mb
Flavors: r-oldrel-macos-arm64, r-oldrel-macos-x86_64, r-oldrel-windows-x86_64