Last updated on 2025-04-29 06:49:54 CEST.
Flavor | Version | Tinstall | Tcheck | Ttotal | Status | Flags |
---|---|---|---|---|---|---|
r-devel-linux-x86_64-debian-clang | 1.0 | 4.97 | 30.15 | 35.12 | OK | |
r-devel-linux-x86_64-debian-gcc | 1.0 | 2.99 | 21.57 | 24.56 | NOTE | |
r-devel-linux-x86_64-fedora-clang | 1.0 | 56.12 | OK | |||
r-devel-linux-x86_64-fedora-gcc | 1.0 | 53.79 | OK | |||
r-devel-windows-x86_64 | 1.0 | 5.00 | 49.00 | 54.00 | OK | |
r-patched-linux-x86_64 | 1.0 | 5.47 | 28.68 | 34.15 | OK | |
r-release-linux-x86_64 | 1.0 | 5.04 | 28.78 | 33.82 | OK | |
r-release-macos-arm64 | 1.0 | 20.00 | OK | |||
r-release-macos-x86_64 | 1.0 | 37.00 | OK | |||
r-release-windows-x86_64 | 1.0 | 7.00 | 50.00 | 57.00 | OK | |
r-oldrel-macos-arm64 | 1.0 | 19.00 | NOTE | |||
r-oldrel-macos-x86_64 | 1.0 | 27.00 | NOTE | |||
r-oldrel-windows-x86_64 | 1.0 | 7.00 | 48.00 | 55.00 | NOTE |
Version: 1.0
Check: CRAN incoming feasibility
Result: NOTE
Maintainer: ‘Busra Sevinc <busra.sevincc@gmail.com>’
No Authors@R field in DESCRIPTION.
Please add one, modifying
Authors@R: c(person(given = "Busra",
family = "Sevinc",
role = c("aut", "cre"),
email = "busra.sevincc@gmail.com"),
person(given = "Bekir",
family = "Cetintav",
role = "aut"),
person(given = "Melek",
family = "Esemen",
role = "aut"),
person(given = "Selma",
family = "Gurler",
role = "aut"))
as necessary.
Flavor: r-devel-linux-x86_64-debian-gcc
Version: 1.0
Check: LazyData
Result: NOTE
'LazyData' is specified without a 'data' directory
Flavors: r-oldrel-macos-arm64, r-oldrel-macos-x86_64, r-oldrel-windows-x86_64