Last updated on 2025-04-28 18:50:19 CEST.
Flavor | Version | Tinstall | Tcheck | Ttotal | Status | Flags |
---|---|---|---|---|---|---|
r-devel-linux-x86_64-debian-clang | 3.0.0 | 23.84 | 333.86 | 357.70 | OK | |
r-devel-linux-x86_64-debian-gcc | 3.0.0 | 14.64 | 217.51 | 232.15 | NOTE | |
r-devel-linux-x86_64-fedora-clang | 3.0.0 | 571.47 | OK | |||
r-devel-linux-x86_64-fedora-gcc | 3.0.0 | 563.99 | OK | |||
r-devel-windows-x86_64 | 3.0.0 | 22.00 | 277.00 | 299.00 | OK | |
r-patched-linux-x86_64 | 3.0.0 | 21.34 | 316.13 | 337.47 | OK | |
r-release-linux-x86_64 | 3.0.0 | 22.49 | 318.36 | 340.85 | OK | |
r-release-macos-arm64 | 3.0.0 | 109.00 | OK | |||
r-release-macos-x86_64 | 3.0.0 | 243.00 | OK | |||
r-release-windows-x86_64 | 3.0.0 | 22.00 | 265.00 | 287.00 | OK | |
r-oldrel-macos-arm64 | 3.0.0 | 110.00 | NOTE | |||
r-oldrel-macos-x86_64 | 3.0.0 | 187.00 | NOTE | |||
r-oldrel-windows-x86_64 | 3.0.0 | 32.00 | 355.00 | 387.00 | OK |
Version: 3.0.0
Check: CRAN incoming feasibility
Result: NOTE
Maintainer: ‘Ye Tian <ye.t@columbia.edu>’
No Authors@R field in DESCRIPTION.
Please add one, modifying
Authors@R: c(person(given = "Ye",
family = "Tian",
role = c("aut", "cre"),
email = "ye.t@columbia.edu"),
person(given = "Yang",
family = "Feng",
role = "aut"))
as necessary.
Flavor: r-devel-linux-x86_64-debian-gcc
Version: 3.0.0
Check: installed package size
Result: NOTE
installed size is 5.2Mb
sub-directories of 1Mb or more:
data 4.5Mb
Flavors: r-oldrel-macos-arm64, r-oldrel-macos-x86_64