Last updated on 2025-04-28 18:50:19 CEST.
Flavor | Version | Tinstall | Tcheck | Ttotal | Status | Flags |
---|---|---|---|---|---|---|
r-devel-linux-x86_64-debian-clang | 0.0-2 | 21.89 | 133.64 | 155.53 | NOTE | |
r-devel-linux-x86_64-debian-gcc | 0.0-2 | 17.53 | 103.79 | 121.32 | NOTE | |
r-devel-linux-x86_64-fedora-clang | 0.0-2 | 288.91 | NOTE | |||
r-devel-linux-x86_64-fedora-gcc | 0.0-2 | 275.77 | NOTE | |||
r-devel-windows-x86_64 | 0.0-2 | 38.00 | 276.00 | 314.00 | NOTE | |
r-patched-linux-x86_64 | 0.0-2 | 21.88 | 135.64 | 157.52 | NOTE | |
r-release-linux-x86_64 | 0.0-2 | 21.80 | 134.16 | 155.96 | NOTE | |
r-release-macos-arm64 | 0.0-2 | 85.00 | NOTE | |||
r-release-macos-x86_64 | 0.0-2 | 142.00 | NOTE | |||
r-release-windows-x86_64 | 0.0-2 | 31.00 | 211.00 | 242.00 | NOTE | |
r-oldrel-macos-arm64 | 0.0-2 | 87.00 | NOTE | |||
r-oldrel-macos-x86_64 | 0.0-2 | 113.00 | NOTE | |||
r-oldrel-windows-x86_64 | 0.0-2 | 26.00 | 162.00 | 188.00 | NOTE |
Version: 0.0-2
Check: Rd files
Result: NOTE
checkRd: (-1) RcmdrPlugin.MA-package.Rd:21: Escaped LaTeX specials: \&
checkRd: (-1) RcmdrPlugin.MA-package.Rd:23: Escaped LaTeX specials: \&
Flavors: r-devel-linux-x86_64-debian-clang, r-devel-linux-x86_64-debian-gcc, r-devel-linux-x86_64-fedora-clang, r-devel-linux-x86_64-fedora-gcc, r-devel-windows-x86_64, r-patched-linux-x86_64, r-release-linux-x86_64, r-release-macos-arm64, r-release-macos-x86_64, r-release-windows-x86_64, r-oldrel-macos-arm64, r-oldrel-macos-x86_64, r-oldrel-windows-x86_64
Version: 0.0-2
Check: CRAN incoming feasibility
Result: NOTE
Maintainer: ‘A. C. Del Re <acdelre@gmail.com>’
No Authors@R field in DESCRIPTION.
Please add one, modifying
Authors@R: person(given = c("A.", "C.", "Del"),
family = "Re",
role = c("aut", "cre"),
email = "acdelre@gmail.com")
as necessary.
Package CITATION file contains call(s) to old-style personList() or
as.personList(). Please use c() on person objects instead.
Package CITATION file contains call(s) to old-style citEntry(). Please
use bibentry() instead.
Flavor: r-devel-linux-x86_64-debian-gcc