Last updated on 2025-07-03 19:50:38 CEST.
Flavor | Version | Tinstall | Tcheck | Ttotal | Status | Flags |
---|---|---|---|---|---|---|
r-devel-linux-x86_64-debian-clang | 1.1.4 | 18.82 | 135.63 | 154.45 | NOTE | |
r-devel-linux-x86_64-debian-gcc | 1.1.4 | 14.12 | 103.81 | 117.93 | NOTE | |
r-devel-linux-x86_64-fedora-clang | 1.1.4 | 245.01 | OK | |||
r-devel-linux-x86_64-fedora-gcc | 1.1.4 | 235.51 | OK | |||
r-devel-windows-x86_64 | 1.1.4 | 30.00 | 258.00 | 288.00 | OK | |
r-patched-linux-x86_64 | 1.1.4 | 20.39 | 134.90 | 155.29 | OK | |
r-release-linux-x86_64 | 1.1.4 | 20.72 | 134.62 | 155.34 | OK | |
r-release-macos-arm64 | 1.1.4 | 93.00 | OK | |||
r-release-macos-x86_64 | 1.1.4 | 147.00 | OK | |||
r-release-windows-x86_64 | 1.1.4 | 36.00 | 251.00 | 287.00 | OK | |
r-oldrel-macos-arm64 | 1.1.4 | 92.00 | NOTE | |||
r-oldrel-macos-x86_64 | 1.1.4 | 117.00 | NOTE | |||
r-oldrel-windows-x86_64 | 1.1.4 | 28.00 | 187.00 | 215.00 | NOTE |
Version: 1.1.4
Check: CRAN incoming feasibility
Result: NOTE
Maintainer: ‘Achmad Fauzi Bagus F <fauzi.pandya@gmail.com>’
No Authors@R field in DESCRIPTION.
Please add one, modifying
Authors@R: c(person(given = c("Monalisa", "Sipahutar,Setia"),
family = "Pramana",
role = "aut",
email = "11.6790@stis.ac.id"),
person(given = "Achmad",
family = "Fauzi",
role = c("aut", "cre"),
email = "fauzi.pandya@gmail.com"))
as necessary.
Flavors: r-devel-linux-x86_64-debian-clang, r-devel-linux-x86_64-debian-gcc
Version: 1.1.4
Check: LazyData
Result: NOTE
'LazyData' is specified without a 'data' directory
Flavors: r-oldrel-macos-arm64, r-oldrel-macos-x86_64, r-oldrel-windows-x86_64