Last updated on 2025-07-03 19:50:38 CEST.
Flavor | Version | Tinstall | Tcheck | Ttotal | Status | Flags |
---|---|---|---|---|---|---|
r-devel-linux-x86_64-debian-clang | 0.3-0 | 17.76 | 130.91 | 148.67 | NOTE | |
r-devel-linux-x86_64-debian-gcc | 0.3-0 | 15.06 | 101.65 | 116.71 | NOTE | |
r-devel-linux-x86_64-fedora-clang | 0.3-0 | 245.86 | OK | |||
r-devel-linux-x86_64-fedora-gcc | 0.3-0 | 226.20 | OK | |||
r-devel-windows-x86_64 | 0.3-0 | 25.00 | 216.00 | 241.00 | OK | |
r-patched-linux-x86_64 | 0.3-0 | 19.06 | 132.33 | 151.39 | OK | |
r-release-linux-x86_64 | 0.3-0 | 19.60 | 131.08 | 150.68 | OK | |
r-release-macos-arm64 | 0.3-0 | 91.00 | OK | |||
r-release-macos-x86_64 | 0.3-0 | 142.00 | OK | |||
r-release-windows-x86_64 | 0.3-0 | 31.00 | 226.00 | 257.00 | OK | |
r-oldrel-macos-arm64 | 0.3-0 | 90.00 | OK | |||
r-oldrel-macos-x86_64 | 0.3-0 | 113.00 | OK | |||
r-oldrel-windows-x86_64 | 0.3-0 | 26.00 | 171.00 | 197.00 | OK |
Version: 0.3-0
Check: CRAN incoming feasibility
Result: NOTE
Maintainer: ‘Liviu Andronic <landronimirc@gmail.com>’
No Authors@R field in DESCRIPTION.
Please add one, modifying
Authors@R: person(given = "Liviu",
family = "Andronic",
role = c("aut", "cre"),
email = "landronimirc@gmail.com")
as necessary.
Flavors: r-devel-linux-x86_64-debian-clang, r-devel-linux-x86_64-debian-gcc