CRAN Package Check Results for Package ReDirection

Last updated on 2025-04-29 06:49:53 CEST.

Flavor Version Tinstall Tcheck Ttotal Status Flags
r-devel-linux-x86_64-debian-clang 1.0.1 2.12 28.09 30.21 OK
r-devel-linux-x86_64-debian-gcc 1.0.1 1.74 21.23 22.97 NOTE
r-devel-linux-x86_64-fedora-clang 1.0.1 48.38 OK
r-devel-linux-x86_64-fedora-gcc 1.0.1 45.70 OK
r-devel-windows-x86_64 1.0.1 4.00 47.00 51.00 OK
r-patched-linux-x86_64 1.0.1 2.14 27.33 29.47 OK
r-release-linux-x86_64 1.0.1 2.00 27.06 29.06 OK
r-release-macos-arm64 1.0.1 16.00 OK
r-release-macos-x86_64 1.0.1 30.00 OK
r-release-windows-x86_64 1.0.1 3.00 47.00 50.00 OK
r-oldrel-macos-arm64 1.0.1 17.00 OK
r-oldrel-macos-x86_64 1.0.1 24.00 OK
r-oldrel-windows-x86_64 1.0.1 4.00 55.00 59.00 OK

Check Details

Version: 1.0.1
Check: CRAN incoming feasibility
Result: NOTE Maintainer: ‘Siddhartha Kundu <siddhartha_kundu@aiims.edu>’ No Authors@R field in DESCRIPTION. Please add one, modifying Authors@R: person(given = "Siddhartha", family = "Kundu", role = c("aut", "cre"), email = "2021:ManuscriptUnderPreparation") as necessary. Flavor: r-devel-linux-x86_64-debian-gcc