Last updated on 2025-04-28 18:50:19 CEST.
Flavor | Version | Tinstall | Tcheck | Ttotal | Status | Flags |
---|---|---|---|---|---|---|
r-devel-linux-x86_64-debian-clang | 3.0.9 | 2.41 | 21.22 | 23.63 | OK | |
r-devel-linux-x86_64-debian-gcc | 3.0.9 | 1.81 | 18.44 | 20.25 | NOTE | |
r-devel-linux-x86_64-fedora-clang | 3.0.9 | 37.71 | OK | |||
r-devel-linux-x86_64-fedora-gcc | 3.0.9 | 35.94 | OK | |||
r-devel-windows-x86_64 | 3.0.9 | 4.00 | 49.00 | 53.00 | OK | |
r-patched-linux-x86_64 | 3.0.9 | 2.23 | 20.87 | 23.10 | OK | |
r-release-linux-x86_64 | 3.0.9 | 2.06 | 20.80 | 22.86 | OK | |
r-release-macos-arm64 | 3.0.9 | 15.00 | OK | |||
r-release-macos-x86_64 | 3.0.9 | 25.00 | OK | |||
r-release-windows-x86_64 | 3.0.9 | 5.00 | 48.00 | 53.00 | OK | |
r-oldrel-macos-arm64 | 3.0.9 | 16.00 | OK | |||
r-oldrel-macos-x86_64 | 3.0.9 | 23.00 | OK | |||
r-oldrel-windows-x86_64 | 3.0.9 | 6.00 | 51.00 | 57.00 | OK |
Version: 3.0.9
Check: CRAN incoming feasibility
Result: NOTE
Maintainer: ‘Ivan Rivera <ivan.s.rivera@gmail.com>’
No Authors@R field in DESCRIPTION.
Please add one, modifying
Authors@R: person(given = "Ivan",
family = "Rivera",
role = c("aut", "cre"),
email = "ivan.s.rivera@gmail.com")
as necessary.
Flavor: r-devel-linux-x86_64-debian-gcc