CRAN Package Check Results for Package Repliscope

Last updated on 2025-04-28 18:50:19 CEST.

Flavor Version Tinstall Tcheck Ttotal Status Flags
r-devel-linux-x86_64-debian-clang 1.1.1 7.40 69.86 77.26 OK
r-devel-linux-x86_64-debian-gcc 1.1.1 6.14 52.76 58.90 NOTE
r-devel-linux-x86_64-fedora-clang 1.1.1 122.48 OK
r-devel-linux-x86_64-fedora-gcc 1.1.1 128.55 OK
r-devel-windows-x86_64 1.1.1 10.00 91.00 101.00 OK
r-patched-linux-x86_64 1.1.1 8.94 71.89 80.83 OK
r-release-linux-x86_64 1.1.1 7.67 71.21 78.88 OK
r-release-macos-arm64 1.1.1 43.00 OK
r-release-macos-x86_64 1.1.1 79.00 OK
r-release-windows-x86_64 1.1.1 11.00 89.00 100.00 OK
r-oldrel-macos-arm64 1.1.1 45.00 OK
r-oldrel-macos-x86_64 1.1.1 64.00 OK
r-oldrel-windows-x86_64 1.1.1 14.00 110.00 124.00 OK

Check Details

Version: 1.1.1
Check: CRAN incoming feasibility
Result: NOTE Maintainer: ‘Dzmitry G Batrakou <d.batrakou@gmail.com>’ No Authors@R field in DESCRIPTION. Please add one, modifying Authors@R: person(given = c("Dzmitry", "G"), family = "Batrakou", role = c("aut", "cre"), email = "d.batrakou@gmail.com") as necessary. Flavor: r-devel-linux-x86_64-debian-gcc