Last updated on 2025-04-29 18:50:53 CEST.
Flavor | Version | Tinstall | Tcheck | Ttotal | Status | Flags |
---|---|---|---|---|---|---|
r-devel-linux-x86_64-debian-clang | 1.2.7 | 39.53 | 166.52 | 206.05 | NOTE | |
r-devel-linux-x86_64-debian-gcc | 1.2.7 | 25.39 | 109.78 | 135.17 | OK | |
r-devel-linux-x86_64-fedora-clang | 1.2.7 | 321.92 | OK | |||
r-devel-linux-x86_64-fedora-gcc | 1.2.7 | 313.94 | OK | |||
r-devel-windows-x86_64 | 1.2.7 | 36.00 | 175.00 | 211.00 | OK | |
r-patched-linux-x86_64 | 1.2.7 | 41.69 | 156.89 | 198.58 | OK | |
r-release-linux-x86_64 | 1.2.7 | 39.48 | 158.57 | 198.05 | OK | |
r-release-macos-arm64 | 1.2.7 | 83.00 | OK | |||
r-release-macos-x86_64 | 1.2.7 | 220.00 | OK | |||
r-release-windows-x86_64 | 1.2.7 | 37.00 | 173.00 | 210.00 | OK | |
r-oldrel-macos-arm64 | 1.2.7 | 81.00 | OK | |||
r-oldrel-macos-x86_64 | 1.2.7 | 228.00 | OK | |||
r-oldrel-windows-x86_64 | 1.2.7 | 46.00 | 221.00 | 267.00 | OK |
Version: 1.2.7
Check: examples
Result: NOTE
Examples with CPU (user + system) or elapsed time > 5s
user system elapsed
comparePlot 4.643 0.024 5.968
outlyingPlotIC 3.979 0.000 5.283
Flavor: r-devel-linux-x86_64-debian-clang