CRAN Package Check Results for Package SBICgraph

Last updated on 2025-07-04 07:49:40 CEST.

Flavor Version Tinstall Tcheck Ttotal Status Flags
r-devel-linux-x86_64-debian-clang 1.0.0 6.89 88.29 95.18 OK
r-devel-linux-x86_64-debian-gcc 1.0.0 5.28 67.35 72.63 OK
r-devel-linux-x86_64-fedora-clang 1.0.0 154.82 NOTE
r-devel-linux-x86_64-fedora-gcc 1.0.0 162.76 NOTE
r-devel-windows-x86_64 1.0.0 7.00 95.00 102.00 OK
r-patched-linux-x86_64 1.0.0 6.78 87.17 93.95 OK
r-release-linux-x86_64 1.0.0 6.14 87.62 93.76 OK
r-release-macos-arm64 1.0.0 58.00 OK
r-release-macos-x86_64 1.0.0 109.00 OK
r-release-windows-x86_64 1.0.0 7.00 98.00 105.00 OK
r-oldrel-macos-arm64 1.0.0 43.00 NOTE
r-oldrel-macos-x86_64 1.0.0 75.00 NOTE
r-oldrel-windows-x86_64 1.0.0 11.00 126.00 137.00 NOTE

Check Details

Version: 1.0.0
Check: dependencies in R code
Result: NOTE Namespace in Imports field not imported from: ‘network’ All declared Imports should be used. Flavors: r-devel-linux-x86_64-fedora-clang, r-devel-linux-x86_64-fedora-gcc

Version: 1.0.0
Check: LazyData
Result: NOTE 'LazyData' is specified without a 'data' directory Flavors: r-oldrel-macos-arm64, r-oldrel-macos-x86_64, r-oldrel-windows-x86_64