Last updated on 2025-04-30 07:55:21 CEST.
Flavor | Version | Tinstall | Tcheck | Ttotal | Status | Flags |
---|---|---|---|---|---|---|
r-devel-linux-x86_64-debian-clang | 0.0.2 | 14.45 | 139.70 | 154.15 | NOTE | |
r-devel-linux-x86_64-debian-gcc | 0.0.2 | 10.78 | 108.91 | 119.69 | NOTE | |
r-devel-linux-x86_64-fedora-clang | 0.0.2 | 244.39 | OK | |||
r-devel-linux-x86_64-fedora-gcc | 0.0.2 | 247.84 | OK | |||
r-devel-windows-x86_64 | 0.0.2 | 17.00 | 133.00 | 150.00 | OK | |
r-patched-linux-x86_64 | 0.0.2 | 13.09 | 133.91 | 147.00 | OK | |
r-release-linux-x86_64 | 0.0.2 | 15.52 | 130.89 | 146.41 | OK | |
r-release-macos-arm64 | 0.0.2 | 69.00 | OK | |||
r-release-macos-x86_64 | 0.0.2 | 141.00 | OK | |||
r-release-windows-x86_64 | 0.0.2 | 17.00 | 134.00 | 151.00 | OK | |
r-oldrel-macos-arm64 | 0.0.2 | 67.00 | OK | |||
r-oldrel-macos-x86_64 | 0.0.2 | 112.00 | OK | |||
r-oldrel-windows-x86_64 | 0.0.2 | 22.00 | 168.00 | 190.00 | OK |
Version: 0.0.2
Check: examples
Result: NOTE
Examples with CPU (user + system) or elapsed time > 5s
user system elapsed
SCSR_Estim 5.291 0.215 6.382
SpatReg_GoF 5.290 0.071 6.503
SpatReg_Extract 5.258 0.076 6.606
SpatReg_Perf 5.229 0.009 6.685
SpatReg_PseudoR2 5.161 0.054 5.570
Flavor: r-devel-linux-x86_64-debian-clang
Version: 0.0.2
Check: examples
Result: NOTE
Examples with CPU (user + system) or elapsed time > 5s
user system elapsed
SpatReg_Extract 5.522 0.124 7.304
SCSR_Estim 5.417 0.169 7.648
SpatReg_GoF 5.470 0.092 6.863
SpatReg_Perf 5.443 0.096 6.769
SpatReg_PseudoR2 5.509 0.005 7.064
Flavor: r-devel-linux-x86_64-debian-gcc