Last updated on 2025-04-29 06:49:55 CEST.
Flavor | Version | Tinstall | Tcheck | Ttotal | Status | Flags |
---|---|---|---|---|---|---|
r-devel-linux-x86_64-debian-clang | 0.9-55 | 8.40 | 59.48 | 67.88 | OK | |
r-devel-linux-x86_64-debian-gcc | 0.9-55 | 5.36 | 42.91 | 48.27 | NOTE | |
r-devel-linux-x86_64-fedora-clang | 0.9-55 | 110.26 | OK | |||
r-devel-linux-x86_64-fedora-gcc | 0.9-55 | 118.84 | OK | |||
r-devel-windows-x86_64 | 0.9-55 | 10.00 | 73.00 | 83.00 | OK | |
r-patched-linux-x86_64 | 0.9-55 | 8.18 | 58.35 | 66.53 | OK | |
r-release-linux-x86_64 | 0.9-55 | 6.99 | 57.96 | 64.95 | OK | |
r-release-macos-arm64 | 0.9-55 | 39.00 | OK | |||
r-release-macos-x86_64 | 0.9-55 | 71.00 | OK | |||
r-release-windows-x86_64 | 0.9-55 | 14.00 | 81.00 | 95.00 | OK | |
r-oldrel-macos-arm64 | 0.9-55 | 39.00 | OK | |||
r-oldrel-macos-x86_64 | 0.9-55 | 59.00 | OK | |||
r-oldrel-windows-x86_64 | 0.9-55 | 14.00 | 90.00 | 104.00 | OK |
Version: 0.9-55
Check: CRAN incoming feasibility
Result: NOTE
Maintainer: ‘John R. Ortiz <jrortizt@unal.edu.co>’
Found the following URLs which should use \doi (with the DOI name only):
File ‘plot.Rd’:
https://doi.org/10.25573/data.13118426.v2
Flavor: r-devel-linux-x86_64-debian-gcc