Last updated on 2025-07-05 07:49:37 CEST.
Flavor | Version | Tinstall | Tcheck | Ttotal | Status | Flags |
---|---|---|---|---|---|---|
r-devel-linux-x86_64-debian-clang | 1.0.1 | 2.92 | 35.77 | 38.69 | NOTE | |
r-devel-linux-x86_64-debian-gcc | 1.0.1 | 2.32 | 27.08 | 29.40 | NOTE | |
r-devel-linux-x86_64-fedora-clang | 1.0.1 | 62.54 | NOTE | |||
r-devel-linux-x86_64-fedora-gcc | 1.0.1 | 72.12 | NOTE | |||
r-devel-windows-x86_64 | 1.0.1 | 5.00 | 53.00 | 58.00 | NOTE | |
r-patched-linux-x86_64 | 1.0.1 | 3.44 | 33.95 | 37.39 | NOTE | |
r-release-linux-x86_64 | 1.0.1 | 3.12 | 33.63 | 36.75 | NOTE | |
r-release-macos-arm64 | 1.0.1 | 27.00 | NOTE | |||
r-release-macos-x86_64 | 1.0.1 | 50.00 | NOTE | |||
r-release-windows-x86_64 | 1.0.1 | 5.00 | 55.00 | 60.00 | NOTE | |
r-oldrel-macos-arm64 | 1.0.1 | 27.00 | NOTE | |||
r-oldrel-macos-x86_64 | 1.0.1 | 38.00 | NOTE | |||
r-oldrel-windows-x86_64 | 1.0.1 | 6.00 | 63.00 | 69.00 | NOTE |
Version: 1.0.1
Check: Rd files
Result: NOTE
checkRd: (-1) sdc_extabs.Rd:59: Lost braces
59 | (including ]code{forcelist} variables) that can be used to form tables.}
| ^
Flavors: r-devel-linux-x86_64-debian-clang, r-devel-linux-x86_64-debian-gcc, r-devel-linux-x86_64-fedora-clang, r-devel-linux-x86_64-fedora-gcc, r-devel-windows-x86_64, r-patched-linux-x86_64, r-release-linux-x86_64, r-release-macos-arm64, r-release-macos-x86_64, r-release-windows-x86_64, r-oldrel-macos-arm64, r-oldrel-macos-x86_64, r-oldrel-windows-x86_64