Last updated on 2025-04-28 18:50:22 CEST.
Flavor | Version | Tinstall | Tcheck | Ttotal | Status | Flags |
---|---|---|---|---|---|---|
r-devel-linux-x86_64-debian-clang | 1.3 | 5.58 | 22.86 | 28.44 | OK | |
r-devel-linux-x86_64-debian-gcc | 1.3 | 3.66 | 17.95 | 21.61 | NOTE | |
r-devel-linux-x86_64-fedora-clang | 1.3 | 46.70 | OK | |||
r-devel-linux-x86_64-fedora-gcc | 1.3 | 42.70 | OK | |||
r-devel-windows-x86_64 | 1.3 | 8.00 | 48.00 | 56.00 | OK | |
r-patched-linux-x86_64 | 1.3 | 5.64 | 22.41 | 28.05 | OK | |
r-release-linux-x86_64 | 1.3 | 5.05 | 22.01 | 27.06 | OK | |
r-release-macos-arm64 | 1.3 | 18.00 | OK | |||
r-release-macos-x86_64 | 1.3 | 48.00 | OK | |||
r-release-windows-x86_64 | 1.3 | 10.00 | 50.00 | 60.00 | OK | |
r-oldrel-macos-arm64 | 1.3 | 20.00 | OK | |||
r-oldrel-macos-x86_64 | 1.3 | 37.00 | OK | |||
r-oldrel-windows-x86_64 | 1.3 | 7.00 | 48.00 | 55.00 | OK |
Version: 1.3
Check: CRAN incoming feasibility
Result: NOTE
Maintainer: ‘Noah Simon <nrsimon@uw.edu>’
No Authors@R field in DESCRIPTION.
Please add one, modifying
Authors@R: c(person(given = "Noah",
family = "Simon",
role = c("aut", "cre"),
email = "nrsimon@uw.edu"),
person(given = "Jerome",
family = "Friedman",
role = "aut"),
person(given = "Trevor",
family = "Hastie",
role = "aut"),
person(given = "Rob",
family = "Tibshirani",
role = "aut"))
as necessary.
Flavor: r-devel-linux-x86_64-debian-gcc