Last updated on 2025-07-04 19:50:31 CEST.
Flavor | Version | Tinstall | Tcheck | Ttotal | Status | Flags |
---|---|---|---|---|---|---|
r-devel-linux-x86_64-debian-clang | 2.0.0 | 3.88 | 399.64 | 403.52 | NOTE | |
r-devel-linux-x86_64-debian-gcc | 2.0.0 | 2.45 | 261.80 | 264.25 | NOTE | |
r-devel-linux-x86_64-fedora-clang | 2.0.0 | 662.86 | OK | |||
r-devel-linux-x86_64-fedora-gcc | 2.0.0 | 725.69 | OK | |||
r-devel-windows-x86_64 | 2.0.0 | 5.00 | 435.00 | 440.00 | OK | |
r-patched-linux-x86_64 | 2.0.0 | 3.74 | 386.53 | 390.27 | OK | |
r-release-linux-x86_64 | 2.0.0 | 3.37 | 389.08 | 392.45 | OK | |
r-release-macos-arm64 | 2.0.0 | 193.00 | OK | |||
r-release-macos-x86_64 | 2.0.0 | 402.00 | OK | |||
r-release-windows-x86_64 | 2.0.0 | 4.00 | 432.00 | 436.00 | OK | |
r-oldrel-macos-arm64 | 2.0.0 | 175.00 | OK | |||
r-oldrel-macos-x86_64 | 2.0.0 | 283.00 | OK | |||
r-oldrel-windows-x86_64 | 2.0.0 | 4.00 | 551.00 | 555.00 | OK |
Version: 2.0.0
Check: CRAN incoming feasibility
Result: NOTE
Maintainer: ‘William Artman <William_Artman@URMC.Rochester.edu>’
The Description field contains
outcomes. Please see Artman (2020) <arXiv:2008.02341>.
Please refer to arXiv e-prints via their arXiv DOI <doi:10.48550/arXiv.YYMM.NNNNN>.
Flavors: r-devel-linux-x86_64-debian-clang, r-devel-linux-x86_64-debian-gcc