Last updated on 2025-07-05 07:49:38 CEST.
Flavor | Version | Tinstall | Tcheck | Ttotal | Status | Flags |
---|---|---|---|---|---|---|
r-devel-linux-x86_64-debian-clang | 2025.2.1 | 85.93 | 111.92 | 197.85 | OK | |
r-devel-linux-x86_64-debian-gcc | 2025.2.1 | 72.90 | 84.36 | 157.26 | OK | |
r-devel-linux-x86_64-fedora-clang | 2025.2.1 | 294.57 | OK | |||
r-devel-linux-x86_64-fedora-gcc | 2025.2.1 | 396.29 | OK | |||
r-devel-windows-x86_64 | 2025.2.1 | 88.00 | 145.00 | 233.00 | OK | |
r-patched-linux-x86_64 | 2025.2.1 | 103.79 | 108.68 | 212.47 | OK | |
r-release-linux-x86_64 | 2025.2.1 | 102.19 | 107.32 | 209.51 | OK | |
r-release-macos-arm64 | 2025.2.1 | 112.00 | OK | |||
r-release-macos-x86_64 | 2025.2.1 | 226.00 | OK | |||
r-release-windows-x86_64 | 2025.2.1 | 94.00 | 140.00 | 234.00 | OK | |
r-oldrel-macos-arm64 | 2025.2.1 | 111.00 | NOTE | |||
r-oldrel-macos-x86_64 | 2025.2.1 | 250.00 | NOTE | |||
r-oldrel-windows-x86_64 | 2025.2.1 | 105.00 | 177.00 | 282.00 | NOTE |
Version: 2025.2.1
Check: installed package size
Result: NOTE
installed size is 47.7Mb
sub-directories of 1Mb or more:
libs 46.9Mb
Flavors: r-oldrel-macos-arm64, r-oldrel-macos-x86_64, r-oldrel-windows-x86_64