Last updated on 2025-04-29 06:49:55 CEST.
Flavor | Version | Tinstall | Tcheck | Ttotal | Status | Flags |
---|---|---|---|---|---|---|
r-devel-linux-x86_64-debian-clang | 1.2 | 2.49 | 23.43 | 25.92 | OK | |
r-devel-linux-x86_64-debian-gcc | 1.2 | 1.74 | 18.65 | 20.39 | NOTE | |
r-devel-linux-x86_64-fedora-clang | 1.2 | 43.19 | OK | |||
r-devel-linux-x86_64-fedora-gcc | 1.2 | 39.20 | OK | |||
r-devel-windows-x86_64 | 1.2 | 3.00 | 50.00 | 53.00 | OK | |
r-patched-linux-x86_64 | 1.2 | 2.58 | 23.20 | 25.78 | OK | |
r-release-linux-x86_64 | 1.2 | 2.29 | 22.85 | 25.14 | OK | |
r-release-macos-arm64 | 1.2 | 21.00 | OK | |||
r-release-macos-x86_64 | 1.2 | 30.00 | OK | |||
r-release-windows-x86_64 | 1.2 | 3.00 | 51.00 | 54.00 | OK | |
r-oldrel-macos-arm64 | 1.2 | 17.00 | OK | |||
r-oldrel-macos-x86_64 | 1.2 | 26.00 | OK | |||
r-oldrel-windows-x86_64 | 1.2 | 4.00 | 52.00 | 56.00 | OK |
Version: 1.2
Check: CRAN incoming feasibility
Result: NOTE
Maintainer: ‘Eleni Ioanna Delatola <eldelatola@yahoo.gr>’
No Authors@R field in DESCRIPTION.
Please add one, modifying
Authors@R: c(person(given = c("Eleni", "Ioanna"),
family = "Delatola",
role = c("aut", "cre"),
email = "eldelatola@yahoo.gr"),
person(given = "Emilie",
family = "Lebarbier",
role = "aut"),
person(given = "Tristan",
family = "Mary-Huard",
role = "aut"),
person(given = "Francois",
family = "Radvanyi",
role = "aut"),
person(given = "Stephane",
family = "Robin",
role = "aut"),
person(given = "Jennifer",
family = "Wong",
role = "aut"))
as necessary.
Flavor: r-devel-linux-x86_64-debian-gcc