CRAN Package Check Results for Package ShrinkCovMat

Last updated on 2025-07-05 07:49:37 CEST.

Flavor Version Tinstall Tcheck Ttotal Status Flags
r-devel-linux-x86_64-debian-clang 1.4.0 18.84 30.82 49.66 NOTE
r-devel-linux-x86_64-debian-gcc 1.4.0 13.49 24.30 37.79 NOTE
r-devel-linux-x86_64-fedora-clang 1.4.0 88.68 NOTE
r-devel-linux-x86_64-fedora-gcc 1.4.0 82.32 NOTE
r-devel-windows-x86_64 1.4.0 23.00 69.00 92.00 NOTE
r-patched-linux-x86_64 1.4.0 20.44 27.60 48.04 NOTE
r-release-linux-x86_64 1.4.0 16.61 27.50 44.11 NOTE
r-release-macos-arm64 1.4.0 29.00 NOTE
r-release-macos-x86_64 1.4.0 58.00 NOTE
r-release-windows-x86_64 1.4.0 24.00 68.00 92.00 NOTE
r-oldrel-macos-arm64 1.4.0 28.00 NOTE
r-oldrel-macos-x86_64 1.4.0 49.00 NOTE
r-oldrel-windows-x86_64 1.4.0 29.00 81.00 110.00 NOTE

Check Details

Version: 1.4.0
Check: CRAN incoming feasibility
Result: NOTE Maintainer: ‘Anestis Touloumis <A.Touloumis@brighton.ac.uk>’ Package CITATION file contains call(s) to old-style citEntry(). Please use bibentry() instead. Flavors: r-devel-linux-x86_64-debian-clang, r-devel-linux-x86_64-debian-gcc

Version: 1.4.0
Check: C++ specification
Result: NOTE Specified C++11: please drop specification unless essential Flavors: r-devel-linux-x86_64-debian-clang, r-devel-linux-x86_64-debian-gcc, r-devel-linux-x86_64-fedora-clang, r-devel-linux-x86_64-fedora-gcc, r-devel-windows-x86_64, r-patched-linux-x86_64, r-release-linux-x86_64, r-release-macos-arm64, r-release-macos-x86_64, r-release-windows-x86_64, r-oldrel-macos-arm64, r-oldrel-macos-x86_64, r-oldrel-windows-x86_64

Version: 1.4.0
Check: DESCRIPTION meta-information
Result: NOTE Author field differs from that derived from Authors@R Author: ‘Anestis Touloumis [aut, cre] (0000-0002-5965-1639)’ Authors@R: ‘Anestis Touloumis [aut, cre] (ORCHID: 0000-0002-5965-1639)’ Flavors: r-devel-linux-x86_64-debian-clang, r-devel-linux-x86_64-debian-gcc