Last updated on 2025-04-28 18:50:22 CEST.
Flavor | Version | Tinstall | Tcheck | Ttotal | Status | Flags |
---|---|---|---|---|---|---|
r-devel-linux-x86_64-debian-clang | 2.1 | 27.94 | 60.52 | 88.46 | OK | |
r-devel-linux-x86_64-debian-gcc | 2.1 | 20.73 | 44.81 | 65.54 | NOTE | |
r-devel-linux-x86_64-fedora-clang | 2.1 | 149.78 | OK | |||
r-devel-linux-x86_64-fedora-gcc | 2.1 | 150.98 | OK | |||
r-devel-windows-x86_64 | 2.1 | 32.00 | 89.00 | 121.00 | OK | |
r-patched-linux-x86_64 | 2.1 | 28.16 | 59.46 | 87.62 | OK | |
r-release-linux-x86_64 | 2.1 | 29.37 | 58.27 | 87.64 | OK | |
r-release-macos-arm64 | 2.1 | 45.00 | OK | |||
r-release-macos-x86_64 | 2.1 | 77.00 | OK | |||
r-release-windows-x86_64 | 2.1 | 32.00 | 90.00 | 122.00 | OK | |
r-oldrel-macos-arm64 | 2.1 | 38.00 | OK | |||
r-oldrel-macos-x86_64 | 2.1 | 58.00 | OK | |||
r-oldrel-windows-x86_64 | 2.1 | 38.00 | 113.00 | 151.00 | OK |
Version: 2.1
Check: CRAN incoming feasibility
Result: NOTE
Maintainer: ‘Tianyu Zhang <tianyuz3@andrew.cmu.edu>’
No Authors@R field in DESCRIPTION.
Please add one, modifying
Authors@R: person(given = "Tianyu",
family = "Zhang",
role = c("aut", "cre"),
email = "tianyuz3@andrew.cmu.edu")
as necessary.
The Description field contains
methods can be found in: <arXiv:2206.02994>
<arXiv:2104.00846><arXiv:2310.12140>.
Please refer to arXiv e-prints via their arXiv DOI <doi:10.48550/arXiv.YYMM.NNNNN>.
Found the following \keyword or \concept entries
which likely give several index terms:
File ‘Sieve-package.Rd’:
\keyword{sieve estimation; estimation using orthog [TRUNCATED]
Flavor: r-devel-linux-x86_64-debian-gcc