Last updated on 2025-04-28 18:50:22 CEST.
Flavor | Version | Tinstall | Tcheck | Ttotal | Status | Flags |
---|---|---|---|---|---|---|
r-devel-linux-x86_64-debian-clang | 1.3 | 3.27 | 27.23 | 30.50 | OK | |
r-devel-linux-x86_64-debian-gcc | 1.3 | 2.48 | 21.50 | 23.98 | NOTE | |
r-devel-linux-x86_64-fedora-clang | 1.3 | 49.41 | OK | |||
r-devel-linux-x86_64-fedora-gcc | 1.3 | 48.25 | OK | |||
r-devel-windows-x86_64 | 1.3 | 3.00 | 49.00 | 52.00 | OK | |
r-patched-linux-x86_64 | 1.3 | 3.47 | 26.22 | 29.69 | OK | |
r-release-linux-x86_64 | 1.3 | 2.88 | 26.08 | 28.96 | OK | |
r-release-macos-arm64 | 1.3 | 18.00 | OK | |||
r-release-macos-x86_64 | 1.3 | 32.00 | OK | |||
r-release-windows-x86_64 | 1.3 | 3.00 | 48.00 | 51.00 | OK | |
r-oldrel-macos-arm64 | 1.3 | 19.00 | OK | |||
r-oldrel-macos-x86_64 | 1.3 | 27.00 | OK | |||
r-oldrel-windows-x86_64 | 1.3 | 5.00 | 49.00 | 54.00 | OK |
Version: 1.3
Check: CRAN incoming feasibility
Result: NOTE
Maintainer: ‘John P. Nolan <jpnolan@american.edu>’
No Authors@R field in DESCRIPTION.
Please add one, modifying
Authors@R: c(person(given = c("John", "P."),
family = "Nolan",
role = c("aut", "cre"),
email = "jpnolan@american.edu"),
person(given = c("with", "parts", "adapted", "from"),
family = "Fortran",
role = "aut"),
person(given = c("matlab", "code", "by", "Alan"),
family = "Genz",
role = "aut"))
as necessary.
Flavor: r-devel-linux-x86_64-debian-gcc