CRAN Package Check Results for Package SmartEDA

Last updated on 2025-04-28 18:50:22 CEST.

Flavor Version Tinstall Tcheck Ttotal Status Flags
r-devel-linux-x86_64-debian-clang 0.3.10 9.06 155.24 164.30 OK
r-devel-linux-x86_64-debian-gcc 0.3.10 6.62 112.28 118.90 OK
r-devel-linux-x86_64-fedora-clang 0.3.10 251.75 NOTE
r-devel-linux-x86_64-fedora-gcc 0.3.10 261.88 NOTE
r-devel-windows-x86_64 0.3.10 10.00 142.00 152.00 OK
r-patched-linux-x86_64 0.3.10 7.90 150.09 157.99 OK
r-release-linux-x86_64 0.3.10 8.97 149.48 158.45 OK
r-release-macos-arm64 0.3.10 71.00 OK
r-release-macos-x86_64 0.3.10 125.00 OK
r-release-windows-x86_64 0.3.10 11.00 142.00 153.00 OK
r-oldrel-macos-arm64 0.3.10 61.00 OK
r-oldrel-macos-x86_64 0.3.10 113.00 OK
r-oldrel-windows-x86_64 0.3.10 14.00 180.00 194.00 OK

Check Details

Version: 0.3.10
Check: dependencies in R code
Result: NOTE Namespace in Imports field not imported from: ‘qpdf’ All declared Imports should be used. Flavors: r-devel-linux-x86_64-fedora-clang, r-devel-linux-x86_64-fedora-gcc