Last updated on 2025-04-29 18:50:56 CEST.
Flavor | Version | Tinstall | Tcheck | Ttotal | Status | Flags |
---|---|---|---|---|---|---|
r-devel-linux-x86_64-debian-clang | 0.8.2 | 2.24 | 42.18 | 44.42 | NOTE | |
r-devel-linux-x86_64-debian-gcc | 0.8.2 | 1.80 | 31.15 | 32.95 | NOTE | |
r-devel-linux-x86_64-fedora-clang | 0.8.2 | 74.52 | NOTE | |||
r-devel-linux-x86_64-fedora-gcc | 0.8.2 | 82.77 | NOTE | |||
r-devel-windows-x86_64 | 0.8.2 | 4.00 | 74.00 | 78.00 | NOTE | |
r-patched-linux-x86_64 | 0.8.2 | 2.46 | 38.97 | 41.43 | NOTE | |
r-release-linux-x86_64 | 0.8.2 | 2.00 | 39.79 | 41.79 | NOTE | |
r-release-macos-arm64 | 0.8.2 | 32.00 | NOTE | |||
r-release-macos-x86_64 | 0.8.2 | 88.00 | NOTE | |||
r-release-windows-x86_64 | 0.8.2 | 3.00 | 77.00 | 80.00 | NOTE | |
r-oldrel-macos-arm64 | 0.8.2 | 33.00 | NOTE | |||
r-oldrel-macos-x86_64 | 0.8.2 | 75.00 | NOTE | |||
r-oldrel-windows-x86_64 | 0.8.2 | 4.00 | 77.00 | 81.00 | NOTE |
Version: 0.8.2
Check: CRAN incoming feasibility
Result: NOTE
Maintainer: ‘Jelmer Ypma <uctpjyy@ucl.ac.uk>’
No Authors@R field in DESCRIPTION.
Please add one, modifying
Authors@R: person(given = "Jelmer",
family = "Ypma",
role = c("aut", "cre"),
email = "uctpjyy@ucl.ac.uk")
as necessary.
Package CITATION file contains call(s) to old-style personList() or
as.personList(). Please use c() on person objects instead.
Package CITATION file contains call(s) to old-style citEntry(). Please
use bibentry() instead.
Flavors: r-devel-linux-x86_64-debian-clang, r-devel-linux-x86_64-debian-gcc
Version: 0.8.2
Check: DESCRIPTION meta-information
Result: NOTE
Malformed Description field: should contain one or more complete sentences.
Flavors: r-devel-linux-x86_64-debian-clang, r-devel-linux-x86_64-debian-gcc, r-devel-linux-x86_64-fedora-clang, r-devel-linux-x86_64-fedora-gcc, r-devel-windows-x86_64, r-patched-linux-x86_64, r-release-linux-x86_64, r-release-macos-arm64, r-release-macos-x86_64, r-release-windows-x86_64, r-oldrel-macos-arm64, r-oldrel-macos-x86_64, r-oldrel-windows-x86_64