CRAN Package Check Results for Package SparseM

Last updated on 2025-04-29 06:49:56 CEST.

Flavor Version Tinstall Tcheck Ttotal Status Flags
r-devel-linux-x86_64-debian-clang 1.84-2 13.26 45.24 58.50 OK
r-devel-linux-x86_64-debian-gcc 1.84-2 8.16 35.72 43.88 OK
r-devel-linux-x86_64-fedora-clang 1.84-2 97.06 OK
r-devel-linux-x86_64-fedora-gcc 1.84-2 106.43 OK
r-devel-windows-x86_64 1.84-2 17.00 77.00 94.00 OK
r-patched-linux-x86_64 1.84-2 11.63 44.48 56.11 OK
r-release-linux-x86_64 1.84-2 9.61 44.97 54.58 OK
r-release-macos-arm64 1.84-2 43.00 OK
r-release-macos-x86_64 1.84-2 84.00 OK
r-release-windows-x86_64 1.84-2 20.00 81.00 101.00 OK
r-oldrel-macos-arm64 1.84-2 40.00 NOTE
r-oldrel-macos-x86_64 1.84-2 153.00 NOTE
r-oldrel-windows-x86_64 1.84-2 19.00 87.00 106.00 OK

Check Details

Version: 1.84-2
Check: Rd \usage sections
Result: NOTE S3 methods shown with full name in Rd file 'SparseM.ontology.Rd': ‘as.matrix.csr’ ‘is.matrix.csr’ ‘is.matrix.csc’ ‘is.matrix.ssr’ ‘is.matrix.ssc’ ‘is.matrix.coo’ The \usage entries for S3 methods should use the \method markup and not their full name. See chapter ‘Writing R documentation files’ in the ‘Writing R Extensions’ manual. Flavors: r-oldrel-macos-arm64, r-oldrel-macos-x86_64