Last updated on 2025-04-28 18:50:23 CEST.
Flavor | Version | Tinstall | Tcheck | Ttotal | Status | Flags |
---|---|---|---|---|---|---|
r-devel-linux-x86_64-debian-clang | 1.1 | 5.50 | 49.76 | 55.26 | OK | |
r-devel-linux-x86_64-debian-gcc | 1.1 | 4.73 | 40.27 | 45.00 | NOTE | |
r-devel-linux-x86_64-fedora-clang | 1.1 | 89.41 | OK | |||
r-devel-linux-x86_64-fedora-gcc | 1.1 | 331.64 | OK | |||
r-devel-windows-x86_64 | 1.1 | 9.00 | 70.00 | 79.00 | OK | |
r-patched-linux-x86_64 | 1.1 | 7.08 | 52.40 | 59.48 | OK | |
r-release-linux-x86_64 | 1.1 | 6.69 | 52.37 | 59.06 | OK | |
r-release-macos-arm64 | 1.1 | 90.00 | OK | |||
r-release-macos-x86_64 | 1.1 | 185.00 | OK | |||
r-release-windows-x86_64 | 1.1 | 9.00 | 70.00 | 79.00 | OK | |
r-oldrel-macos-arm64 | 1.1 | 68.00 | OK | |||
r-oldrel-macos-x86_64 | 1.1 | 118.00 | OK | |||
r-oldrel-windows-x86_64 | 1.1 | 11.00 | 84.00 | 95.00 | OK |
Version: 1.1
Check: CRAN incoming feasibility
Result: NOTE
Maintainer: ‘Christopher R John <chris.r.john86@gmail.com>’
No Authors@R field in DESCRIPTION.
Please add one, modifying
Authors@R: c(person(given = c("Christopher", "R"),
family = "John",
role = c("aut", "cre"),
email = "chris.r.john86@gmail.com"),
person(given = "David",
family = "Watson",
role = "aut"))
as necessary.
Flavor: r-devel-linux-x86_64-debian-gcc