Last updated on 2025-04-28 18:50:23 CEST.
Flavor | Version | Tinstall | Tcheck | Ttotal | Status | Flags |
---|---|---|---|---|---|---|
r-devel-linux-x86_64-debian-clang | 3.3.0 | 45.26 | 227.47 | 272.73 | NOTE | |
r-devel-linux-x86_64-debian-gcc | 3.3.0 | 27.71 | 134.10 | 161.81 | NOTE | |
r-devel-linux-x86_64-fedora-clang | 3.3.0 | 439.45 | NOTE | |||
r-devel-linux-x86_64-fedora-gcc | 3.3.0 | 439.10 | NOTE | |||
r-devel-windows-x86_64 | 3.3.0 | 43.00 | 288.00 | 331.00 | NOTE | |
r-patched-linux-x86_64 | 3.3.0 | 47.45 | 219.10 | 266.55 | NOTE | |
r-release-linux-x86_64 | 3.3.0 | 44.21 | 220.79 | 265.00 | NOTE | |
r-release-macos-arm64 | 3.3.0 | 111.00 | NOTE | |||
r-release-macos-x86_64 | 3.3.0 | 237.00 | NOTE | |||
r-release-windows-x86_64 | 3.3.0 | 42.00 | 293.00 | 335.00 | NOTE | |
r-oldrel-macos-arm64 | 3.3.0 | 94.00 | NOTE | |||
r-oldrel-macos-x86_64 | 3.3.0 | 190.00 | NOTE | |||
r-oldrel-windows-x86_64 | 3.3.0 | 56.00 | 298.00 | 354.00 | NOTE |
Version: 3.3.0
Check: Rd files
Result: NOTE
checkRd: (-1) StrathE2E2-package.Rd:70: Lost braces; missing escapes or markup?
70 | {Basic model operations:} \cr
| ^
checkRd: (-1) StrathE2E2-package.Rd:79: Lost braces; missing escapes or markup?
79 | {Parameter estimation:} \cr
| ^
checkRd: (-1) StrathE2E2-package.Rd:88: Lost braces; missing escapes or markup?
88 | {Sensitivity and Monte Carlo analyses:} \cr
| ^
checkRd: (-1) StrathE2E2-package.Rd:98: Lost braces; missing escapes or markup?
98 | {Compare model runs:} \cr
| ^
checkRd: (-1) StrathE2E2-package.Rd:105: Lost braces; missing escapes or markup?
105 | {Fishery yield analysis:} \cr
| ^
checkRd: (-1) StrathE2E2-package.Rd:111: Lost braces; missing escapes or markup?
111 | {Visualize model inputs:} \cr
| ^
checkRd: (-1) StrathE2E2-package.Rd:117: Lost braces; missing escapes or markup?
117 | {Visualize model outputs:} \cr
| ^
Flavors: r-devel-linux-x86_64-debian-clang, r-devel-linux-x86_64-debian-gcc, r-devel-linux-x86_64-fedora-clang, r-devel-linux-x86_64-fedora-gcc, r-devel-windows-x86_64, r-patched-linux-x86_64, r-release-linux-x86_64, r-release-macos-arm64, r-release-macos-x86_64, r-release-windows-x86_64, r-oldrel-macos-arm64, r-oldrel-macos-x86_64, r-oldrel-windows-x86_64
Version: 3.3.0
Check: CRAN incoming feasibility
Result: NOTE
Maintainer: ‘Michael Heath <m.heath@strath.ac.uk>’
No Authors@R field in DESCRIPTION.
Please add one, modifying
Authors@R: c(person(given = "Michael",
family = "Heath",
role = c("aut", "cre"),
email = "m.heath@strath.ac.uk"),
person(given = "Ian",
family = "Thurlbeck",
role = "ctb"))
as necessary.
Package CITATION file contains call(s) to old-style personList() or
as.personList(). Please use c() on person objects instead.
Package CITATION file contains call(s) to old-style citEntry(). Please
use bibentry() instead.
Flavor: r-devel-linux-x86_64-debian-gcc
Version: 3.3.0
Check: package dependencies
Result: NOTE
Package suggested but not available for checking: ‘StrathE2E2examples’
Flavors: r-oldrel-macos-arm64, r-oldrel-macos-x86_64, r-oldrel-windows-x86_64
Version: 3.3.0
Check: LazyData
Result: NOTE
'LazyData' is specified without a 'data' directory
Flavors: r-oldrel-macos-arm64, r-oldrel-macos-x86_64, r-oldrel-windows-x86_64