CRAN Package Check Results for Package TBRDist

Last updated on 2025-07-04 07:49:44 CEST.

Flavor Version Tinstall Tcheck Ttotal Status Flags
r-devel-linux-x86_64-debian-clang 1.0.2 26.72 68.44 95.16 NOTE
r-devel-linux-x86_64-debian-gcc 1.0.2 22.29 51.61 73.90 NOTE
r-devel-linux-x86_64-fedora-clang 1.0.2 157.48 NOTE
r-devel-linux-x86_64-fedora-gcc 1.0.2 177.57 NOTE
r-devel-windows-x86_64 1.0.2 34.00 112.00 146.00 NOTE
r-patched-linux-x86_64 1.0.2 31.28 68.73 100.01 NOTE
r-release-linux-x86_64 1.0.2 31.24 68.00 99.24 NOTE
r-release-macos-arm64 1.0.2 72.00 NOTE
r-release-macos-x86_64 1.0.2 107.00 NOTE
r-release-windows-x86_64 1.0.2 36.00 117.00 153.00 NOTE
r-oldrel-macos-arm64 1.0.2 72.00 NOTE
r-oldrel-macos-x86_64 1.0.2 113.00 NOTE
r-oldrel-windows-x86_64 1.0.2 41.00 145.00 186.00 NOTE

Check Details

Version: 1.0.2
Check: CRAN incoming feasibility
Result: NOTE Maintainer: ‘Martin R. Smith <martin.smith@durham.ac.uk>’ Package CITATION file contains call(s) to old-style personList() or as.personList(). Please use c() on person objects instead. Package CITATION file contains call(s) to old-style citEntry(). Please use bibentry() instead. The Description field contains using the algorithms of Whidden and Matsen (2017) <arxiv:1511.07529>. Please refer to arXiv e-prints via their arXiv DOI <doi:10.48550/arXiv.YYMM.NNNNN>. Flavors: r-devel-linux-x86_64-debian-clang, r-devel-linux-x86_64-debian-gcc

Version: 1.0.2
Check: C++ specification
Result: NOTE Specified C++11: please drop specification unless essential Flavors: r-devel-linux-x86_64-debian-clang, r-devel-linux-x86_64-debian-gcc, r-devel-linux-x86_64-fedora-clang, r-devel-linux-x86_64-fedora-gcc, r-devel-windows-x86_64, r-patched-linux-x86_64, r-release-linux-x86_64, r-release-macos-arm64, r-release-macos-x86_64, r-release-windows-x86_64, r-oldrel-macos-arm64, r-oldrel-macos-x86_64, r-oldrel-windows-x86_64

Version: 1.0.2
Check: LazyData
Result: NOTE 'LazyData' is specified without a 'data' directory Flavors: r-oldrel-macos-arm64, r-oldrel-macos-x86_64, r-oldrel-windows-x86_64