Last updated on 2025-04-29 06:49:57 CEST.
Flavor | Version | Tinstall | Tcheck | Ttotal | Status | Flags |
---|---|---|---|---|---|---|
r-devel-linux-x86_64-debian-clang | 0.1.2 | 2.82 | 26.23 | 29.05 | NOTE | |
r-devel-linux-x86_64-debian-gcc | 0.2.2 | 1.98 | 22.67 | 24.65 | OK | |
r-devel-linux-x86_64-fedora-clang | 0.2.2 | 48.50 | OK | |||
r-devel-linux-x86_64-fedora-gcc | 0.2.2 | 24.24 | OK | |||
r-devel-windows-x86_64 | 0.2.2 | 8.00 | 88.00 | 96.00 | OK | |
r-patched-linux-x86_64 | 0.1.2 | 2.70 | 25.72 | 28.42 | NOTE | |
r-release-linux-x86_64 | 0.1.2 | 2.55 | 26.03 | 28.58 | NOTE | |
r-release-macos-arm64 | 0.2.2 | 28.00 | OK | |||
r-release-macos-x86_64 | 0.2.2 | 44.00 | OK | |||
r-release-windows-x86_64 | 0.2.2 | 4.00 | 75.00 | 79.00 | OK | |
r-oldrel-macos-arm64 | 0.2.2 | 32.00 | OK | |||
r-oldrel-macos-x86_64 | 0.2.2 | 58.00 | OK | |||
r-oldrel-windows-x86_64 | 0.1.2 | 5.00 | 54.00 | 59.00 | OK |
Version: 0.1.2
Check: DESCRIPTION meta-information
Result: NOTE
Missing dependency on R >= 4.1.0 because package code uses the pipe
|> or function shorthand \(...) syntax added in R 4.1.0.
File(s) using such syntax:
‘format_code.R’
Flavors: r-devel-linux-x86_64-debian-clang, r-patched-linux-x86_64, r-release-linux-x86_64