Last updated on 2025-04-28 18:50:24 CEST.
Flavor | Version | Tinstall | Tcheck | Ttotal | Status | Flags |
---|---|---|---|---|---|---|
r-devel-linux-x86_64-debian-clang | 1.0.2 | 18.23 | 113.59 | 131.82 | OK | |
r-devel-linux-x86_64-debian-gcc | 1.0.2 | 14.49 | 85.19 | 99.68 | NOTE | |
r-devel-linux-x86_64-fedora-clang | 1.0.2 | 231.31 | OK | |||
r-devel-linux-x86_64-fedora-gcc | 1.0.2 | 216.24 | OK | |||
r-devel-windows-x86_64 | 1.0.2 | 17.00 | 353.00 | 370.00 | OK | |
r-patched-linux-x86_64 | 1.0.2 | 18.87 | 111.16 | 130.03 | OK | |
r-release-linux-x86_64 | 1.0.2 | 18.06 | 111.87 | 129.93 | OK | |
r-release-macos-arm64 | 1.0.2 | 87.00 | OK | |||
r-release-macos-x86_64 | 1.0.2 | 118.00 | OK | |||
r-release-windows-x86_64 | 1.0.2 | 15.00 | 105.00 | 120.00 | OK | |
r-oldrel-macos-arm64 | 1.0.2 | 85.00 | OK | |||
r-oldrel-macos-x86_64 | 1.0.2 | 102.00 | OK | |||
r-oldrel-windows-x86_64 | 1.0.2 | 19.00 | 456.00 | 475.00 | OK |
Version: 1.0.2
Check: CRAN incoming feasibility
Result: NOTE
Maintainer: ‘Gabriel Henrique Oliveira Assuncao <gabrielhenryoliver@hotmail.com>’
No Authors@R field in DESCRIPTION.
Please add one, modifying
Authors@R: person(given = c("Gabriel", "Henrique", "Oliveira"),
family = "Assuncao",
role = c("aut", "cre"),
email = "gabrielhenryoliver@hotmail.com")
as necessary.
Flavor: r-devel-linux-x86_64-debian-gcc