Last updated on 2025-04-28 18:50:24 CEST.
Flavor | Version | Tinstall | Tcheck | Ttotal | Status | Flags |
---|---|---|---|---|---|---|
r-devel-linux-x86_64-debian-clang | 0.0-6 | 23.72 | 185.03 | 208.75 | OK | |
r-devel-linux-x86_64-debian-gcc | 0.0-6 | 15.89 | 112.69 | 128.58 | NOTE | |
r-devel-linux-x86_64-fedora-clang | 0.0-6 | 327.88 | OK | |||
r-devel-linux-x86_64-fedora-gcc | 0.0-6 | 312.41 | OK | |||
r-devel-windows-x86_64 | 0.0-6 | 19.00 | 348.00 | 367.00 | OK | |
r-patched-linux-x86_64 | 0.0-6 | 22.16 | 175.35 | 197.51 | OK | |
r-release-linux-x86_64 | 0.0-6 | 20.78 | 175.26 | 196.04 | OK | |
r-release-macos-arm64 | 0.0-6 | 72.00 | OK | |||
r-release-macos-x86_64 | 0.0-6 | 160.00 | OK | |||
r-release-windows-x86_64 | 0.0-6 | 21.00 | 146.00 | 167.00 | OK | |
r-oldrel-macos-arm64 | 0.0-6 | 71.00 | OK | |||
r-oldrel-macos-x86_64 | 0.0-6 | 115.00 | OK | |||
r-oldrel-windows-x86_64 | 0.0-6 | 24.00 | 205.00 | 229.00 | OK |
Version: 0.0-6
Check: CRAN incoming feasibility
Result: NOTE
Maintainer: ‘Ali Santacruz <amsantac@unal.edu.co>’
No Authors@R field in DESCRIPTION.
Please add one, modifying
Authors@R: c(person(given = c("Robert", "G."),
family = "Pontius",
role = "aut",
email = "rpontius@clarku.edu"),
person(given = "Ali",
family = "Santacruz",
role = c("aut", "cre"),
email = "amsantac@unal.edu.co"),
person(given = "Amin",
family = "Tayyebi",
role = "aut"),
person(given = "Benoit",
family = "Parmentier",
role = "aut"),
person(given = "Kangping",
family = "Si",
role = "aut"))
as necessary.
Flavor: r-devel-linux-x86_64-debian-gcc