Last updated on 2025-07-04 07:49:44 CEST.
Flavor | Version | Tinstall | Tcheck | Ttotal | Status | Flags |
---|---|---|---|---|---|---|
r-devel-linux-x86_64-debian-clang | 1.0.4 | 29.65 | 70.70 | 100.35 | OK | |
r-devel-linux-x86_64-debian-gcc | 1.0.4 | 28.74 | 53.89 | 82.63 | OK | |
r-devel-linux-x86_64-fedora-clang | 1.0.4 | 154.81 | OK | |||
r-devel-linux-x86_64-fedora-gcc | 1.0.4 | 167.48 | OK | |||
r-devel-windows-x86_64 | 1.0.4 | 33.00 | 87.00 | 120.00 | OK | |
r-patched-linux-x86_64 | 1.0.4 | 28.63 | 69.77 | 98.40 | OK | |
r-release-linux-x86_64 | 1.0.4 | 26.28 | 68.49 | 94.77 | OK | |
r-release-macos-arm64 | 1.0.4 | 73.00 | OK | |||
r-release-macos-x86_64 | 1.0.4 | 119.00 | OK | |||
r-release-windows-x86_64 | 1.0.4 | 33.00 | 236.00 | 269.00 | OK | |
r-oldrel-macos-arm64 | 1.0.4 | 69.00 | NOTE | |||
r-oldrel-macos-x86_64 | 1.0.4 | 92.00 | NOTE | |||
r-oldrel-windows-x86_64 | 1.0.4 | 42.00 | 106.00 | 148.00 | OK |
Version: 1.0.4
Check: installed package size
Result: NOTE
installed size is 5.3Mb
sub-directories of 1Mb or more:
data 5.1Mb
Flavors: r-oldrel-macos-arm64, r-oldrel-macos-x86_64