CRAN Package Check Results for Package TSA

Last updated on 2025-04-28 18:50:25 CEST.

Flavor Version Tinstall Tcheck Ttotal Status Flags
r-devel-linux-x86_64-debian-clang 1.3.1 11.37 93.29 104.66 NOTE
r-devel-linux-x86_64-debian-gcc 1.3.1 7.26 68.14 75.40 NOTE
r-devel-linux-x86_64-fedora-clang 1.3.1 165.89 NOTE
r-devel-linux-x86_64-fedora-gcc 1.3.1 159.47 NOTE
r-devel-windows-x86_64 1.3.1 13.00 180.00 193.00 NOTE
r-patched-linux-x86_64 1.3.1 12.77 92.15 104.92 NOTE
r-release-linux-x86_64 1.3.1 12.08 91.38 103.46 NOTE
r-release-macos-arm64 1.3.1 57.00 NOTE
r-release-macos-x86_64 1.3.1 110.00 NOTE
r-release-windows-x86_64 1.3.1 15.00 133.00 148.00 NOTE
r-oldrel-macos-arm64 1.3.1 50.00 NOTE
r-oldrel-macos-x86_64 1.3.1 91.00 NOTE
r-oldrel-windows-x86_64 1.3.1 16.00 160.00 176.00 NOTE

Check Details

Version: 1.3.1
Check: Rd files
Result: NOTE checkRd: (-1) summary.armasubsets.Rd:16: Lost braces 16 | \item{matrix.logical}{With matrix=TRUE, the matrix is logical TRUE/FALSE or string "*"/code{" "}} | ^ Flavors: r-devel-linux-x86_64-debian-clang, r-devel-linux-x86_64-debian-gcc, r-devel-linux-x86_64-fedora-clang, r-devel-linux-x86_64-fedora-gcc, r-devel-windows-x86_64, r-patched-linux-x86_64, r-release-linux-x86_64, r-release-macos-arm64, r-release-macos-x86_64, r-release-windows-x86_64, r-oldrel-macos-arm64, r-oldrel-macos-x86_64, r-oldrel-windows-x86_64

Version: 1.3.1
Check: CRAN incoming feasibility
Result: NOTE Maintainer: ‘Kung-Sik Chan <kungsik.chan@gmail.com>’ No Authors@R field in DESCRIPTION. Please add one, modifying Authors@R: c(person(given = "Kung-Sik", family = "Chan", role = c("aut", "cre"), email = "kungsik.chan@gmail.com"), person(given = "Brian", family = "Ripley", role = "aut")) as necessary. Flavor: r-devel-linux-x86_64-debian-gcc

Version: 1.3.1
Check: dependencies in R code
Result: NOTE Namespace in Imports field not imported from: ‘tseries’ All declared Imports should be used. Flavors: r-devel-linux-x86_64-fedora-clang, r-devel-linux-x86_64-fedora-gcc