CRAN Package Check Results for Package TTS

Last updated on 2025-07-04 07:49:45 CEST.

Flavor Version Tinstall Tcheck Ttotal Status Flags
r-devel-linux-x86_64-debian-clang 1.1 6.92 72.23 79.15 NOTE
r-devel-linux-x86_64-debian-gcc 1.1 5.71 53.09 58.80 NOTE
r-devel-linux-x86_64-fedora-clang 1.1 124.64 OK
r-devel-linux-x86_64-fedora-gcc 1.1 116.02 OK
r-devel-windows-x86_64 1.1 8.00 79.00 87.00 OK
r-patched-linux-x86_64 1.1 7.22 68.35 75.57 OK
r-release-linux-x86_64 1.1 6.69 67.62 74.31 OK
r-release-macos-arm64 1.1 44.00 OK
r-release-macos-x86_64 1.1 79.00 OK
r-release-windows-x86_64 1.1 8.00 80.00 88.00 OK
r-oldrel-macos-arm64 1.1 39.00 OK
r-oldrel-macos-x86_64 1.1 54.00 OK
r-oldrel-windows-x86_64 1.1 10.00 100.00 110.00 OK

Check Details

Version: 1.1
Check: CRAN incoming feasibility
Result: NOTE Maintainer: ‘Antonio Meneses <antoniomenesesfreire@hotmail.com>’ No Authors@R field in DESCRIPTION. Please add one, modifying Authors@R: c(person(given = "Antonio", family = "Meneses", role = c("aut", "cre"), email = "antoniomenesesfreire@hotmail.com"), person(given = "Salvador", family = "Naya", role = "aut", email = "salva@udc.es"), person(given = "Javier", family = "Tarrio-Saavedra", role = "aut", email = "jtarrio@udc.es")) as necessary. Flavors: r-devel-linux-x86_64-debian-clang, r-devel-linux-x86_64-debian-gcc