Last updated on 2025-04-28 18:50:24 CEST.
Flavor | Version | Tinstall | Tcheck | Ttotal | Status | Flags |
---|---|---|---|---|---|---|
r-devel-linux-x86_64-debian-clang | 0.2.2 | 23.20 | 405.73 | 428.93 | OK | |
r-devel-linux-x86_64-debian-gcc | 0.2.2 | 16.09 | 247.54 | 263.63 | NOTE | |
r-devel-linux-x86_64-fedora-clang | 0.2.2 | 771.13 | OK | |||
r-devel-linux-x86_64-fedora-gcc | 0.2.2 | 713.62 | OK | |||
r-devel-windows-x86_64 | 0.2.2 | 26.00 | 406.00 | 432.00 | OK | |
r-patched-linux-x86_64 | 0.2.2 | 25.42 | 382.40 | 407.82 | OK | |
r-release-linux-x86_64 | 0.2.2 | 24.94 | 382.84 | 407.78 | OK | |
r-release-macos-arm64 | 0.2.2 | 178.00 | OK | |||
r-release-macos-x86_64 | 0.2.2 | 355.00 | OK | |||
r-release-windows-x86_64 | 0.2.2 | 25.00 | 542.00 | 567.00 | OK | |
r-oldrel-macos-arm64 | 0.2.2 | 157.00 | OK | |||
r-oldrel-macos-x86_64 | 0.2.2 | 284.00 | OK | |||
r-oldrel-windows-x86_64 | 0.2.2 | 36.00 | 586.00 | 622.00 | OK |
Version: 0.2.2
Check: CRAN incoming feasibility
Result: NOTE
Maintainer: ‘Till Massing <till.massing@uni-due.de>’
The Description field contains
(Massing (2023) <arXiv:2303.07060>). The following references form the
Please refer to arXiv e-prints via their arXiv DOI <doi:10.48550/arXiv.YYMM.NNNNN>.
Flavor: r-devel-linux-x86_64-debian-gcc