Last updated on 2025-04-28 18:50:24 CEST.
Flavor | Version | Tinstall | Tcheck | Ttotal | Status | Flags |
---|---|---|---|---|---|---|
r-devel-linux-x86_64-debian-clang | 0.1-1 | 2.75 | 71.48 | 74.23 | OK | |
r-devel-linux-x86_64-debian-gcc | 0.1-1 | 2.32 | 49.10 | 51.42 | NOTE | |
r-devel-linux-x86_64-fedora-clang | 0.1-1 | 121.22 | OK | |||
r-devel-linux-x86_64-fedora-gcc | 0.1-1 | 133.76 | OK | |||
r-devel-windows-x86_64 | 0.1-1 | 4.00 | 97.00 | 101.00 | OK | |
r-patched-linux-x86_64 | 0.1-1 | 3.66 | 70.88 | 74.54 | OK | |
r-release-linux-x86_64 | 0.1-1 | 3.02 | 68.82 | 71.84 | OK | |
r-release-macos-arm64 | 0.1-1 | 50.00 | OK | |||
r-release-macos-x86_64 | 0.1-1 | 78.00 | OK | |||
r-release-windows-x86_64 | 0.1-1 | 5.00 | 102.00 | 107.00 | OK | |
r-oldrel-macos-arm64 | 0.1-1 | 39.00 | OK | |||
r-oldrel-macos-x86_64 | 0.1-1 | 62.00 | OK | |||
r-oldrel-windows-x86_64 | 0.1-1 | 4.00 | 97.00 | 101.00 | OK |
Version: 0.1-1
Check: CRAN incoming feasibility
Result: NOTE
Maintainer: ‘Alec Stephenson <alec_stephenson@hotmail.com>’
No Authors@R field in DESCRIPTION.
Please add one, modifying
Authors@R: c(person(given = "Alec",
family = "Stephenson.",
role = "aut"),
person(given = "Alec",
family = "Stephenson",
role = "cre",
email = "alec_stephenson@hotmail.com"))
as necessary.
Package CITATION file contains call(s) to old-style citEntry(). Please
use bibentry() instead.
Flavor: r-devel-linux-x86_64-debian-gcc