CRAN Package Check Results for Package TipDatingBeast

Last updated on 2025-07-04 07:49:44 CEST.

Flavor Version Tinstall Tcheck Ttotal Status Flags
r-devel-linux-x86_64-debian-clang 1.1-0 11.42 81.65 93.07 NOTE
r-devel-linux-x86_64-debian-gcc 1.1-0 8.21 57.95 66.16 NOTE
r-devel-linux-x86_64-fedora-clang 1.1-0 141.00 OK
r-devel-linux-x86_64-fedora-gcc 1.1-0 131.28 OK
r-devel-windows-x86_64 1.1-0 11.00 86.00 97.00 OK
r-patched-linux-x86_64 1.1-0 10.73 74.79 85.52 OK
r-release-linux-x86_64 1.1-0 10.18 75.83 86.01 OK
r-release-macos-arm64 1.1-0 39.00 OK
r-release-macos-x86_64 1.1-0 69.00 OK
r-release-windows-x86_64 1.1-0 12.00 87.00 99.00 OK
r-oldrel-macos-arm64 1.1-0 35.00 OK
r-oldrel-macos-x86_64 1.1-0 52.00 OK
r-oldrel-windows-x86_64 1.1-0 16.00 109.00 125.00 OK

Check Details

Version: 1.1-0
Check: CRAN incoming feasibility
Result: NOTE Maintainer: ‘Camilo Khatchikian <ckhatchikian@gmail.com>’ No Authors@R field in DESCRIPTION. Please add one, modifying Authors@R: c(person(given = "Adrien", family = "Rieux", role = "aut"), person(given = "Camilo", family = "Khatchikian", role = c("aut", "cre"), email = "ckhatchikian@gmail.com")) as necessary. Flavors: r-devel-linux-x86_64-debian-clang, r-devel-linux-x86_64-debian-gcc