CRAN Package Check Results for Package TreeSim

Last updated on 2025-04-29 18:50:58 CEST.

Flavor Version Tinstall Tcheck Ttotal Status Flags
r-devel-linux-x86_64-debian-clang 2.4 11.51 84.98 96.49 NOTE
r-devel-linux-x86_64-debian-gcc 2.4 7.98 62.27 70.25 NOTE
r-devel-linux-x86_64-fedora-clang 2.4 148.80 OK
r-devel-linux-x86_64-fedora-gcc 2.4 152.66 OK
r-devel-windows-x86_64 2.4 13.00 93.00 106.00 OK
r-patched-linux-x86_64 2.4 12.25 80.89 93.14 OK
r-release-linux-x86_64 2.4 10.87 80.93 91.80 OK
r-release-macos-arm64 2.4 47.00 OK
r-release-macos-x86_64 2.4 88.00 OK
r-release-windows-x86_64 2.4 12.00 96.00 108.00 OK
r-oldrel-macos-arm64 2.4 42.00 OK
r-oldrel-macos-x86_64 2.4 65.00 OK
r-oldrel-windows-x86_64 2.4 17.00 113.00 130.00 OK

Check Details

Version: 2.4
Check: CRAN incoming feasibility
Result: NOTE Maintainer: ‘Tanja Stadler <tanja.stadler@bsse.ethz.ch>’ No Authors@R field in DESCRIPTION. Please add one, modifying Authors@R: person(given = "Tanja", family = "Stadler", role = c("aut", "cre"), email = "tanja.stadler@bsse.ethz.ch") as necessary. Flavors: r-devel-linux-x86_64-debian-clang, r-devel-linux-x86_64-debian-gcc