CRAN Package Check Results for Package TrendInTrend

Last updated on 2025-07-04 07:49:44 CEST.

Flavor Version Tinstall Tcheck Ttotal Status Flags
r-devel-linux-x86_64-debian-clang 1.1.3 13.69 102.98 116.67 NOTE
r-devel-linux-x86_64-debian-gcc 1.1.3 9.53 76.05 85.58 NOTE
r-devel-linux-x86_64-fedora-clang 1.1.3 181.92 OK
r-devel-linux-x86_64-fedora-gcc 1.1.3 169.08 OK
r-devel-windows-x86_64 1.1.3 13.00 109.00 122.00 OK
r-patched-linux-x86_64 1.1.3 12.35 97.54 109.89 OK
r-release-linux-x86_64 1.1.3 13.89 96.09 109.98 OK
r-release-macos-arm64 1.1.3 49.00 OK
r-release-macos-x86_64 1.1.3 90.00 OK
r-release-windows-x86_64 1.1.3 14.00 107.00 121.00 OK
r-oldrel-macos-arm64 1.1.3 55.00 OK
r-oldrel-macos-x86_64 1.1.3 70.00 OK
r-oldrel-windows-x86_64 1.1.3 19.00 147.00 166.00 OK

Check Details

Version: 1.1.3
Check: CRAN incoming feasibility
Result: NOTE Maintainer: ‘Ashkan Ertefaie <ashkan_ertefaie@urmc.rochester.edu>’ No Authors@R field in DESCRIPTION. Please add one, modifying Authors@R: c(person(given = "Xinyao", family = "Ji", role = "aut"), person(given = "Ashkan", family = "Ertefaie", role = c("aut", "cre"), email = "ashkan_ertefaie@urmc.rochester.edu")) as necessary. Flavors: r-devel-linux-x86_64-debian-clang, r-devel-linux-x86_64-debian-gcc