Last updated on 2025-04-28 18:50:25 CEST.
Flavor | Version | Tinstall | Tcheck | Ttotal | Status | Flags |
---|---|---|---|---|---|---|
r-devel-linux-x86_64-debian-clang | 1.4.8 | 6.95 | 58.39 | 65.34 | OK | |
r-devel-linux-x86_64-debian-gcc | 1.4.8 | 4.39 | 44.32 | 48.71 | NOTE | |
r-devel-linux-x86_64-fedora-clang | 1.4.8 | 100.33 | OK | |||
r-devel-linux-x86_64-fedora-gcc | 1.4.8 | 110.27 | OK | |||
r-devel-windows-x86_64 | 1.4.8 | 9.00 | 84.00 | 93.00 | OK | |
r-patched-linux-x86_64 | 1.4.8 | 7.74 | 55.63 | 63.37 | OK | |
r-release-linux-x86_64 | 1.4.8 | 6.42 | 55.40 | 61.82 | OK | |
r-release-macos-arm64 | 1.4.8 | 57.00 | OK | |||
r-release-macos-x86_64 | 1.4.8 | 99.00 | OK | |||
r-release-windows-x86_64 | 1.4.8 | 10.00 | 82.00 | 92.00 | OK | |
r-oldrel-macos-arm64 | 1.4.8 | 52.00 | OK | |||
r-oldrel-macos-x86_64 | 1.4.8 | 81.00 | OK | |||
r-oldrel-windows-x86_64 | 1.4.8 | 11.00 | 97.00 | 108.00 | OK |
Version: 1.4.8
Check: CRAN incoming feasibility
Result: NOTE
Maintainer: ‘Shixiang Wang <w_shixiang@163.com>’
Package CITATION file contains call(s) to old-style personList() or
as.personList(). Please use c() on person objects instead.
Package CITATION file contains call(s) to old-style citEntry(). Please
use bibentry() instead.
Flavor: r-devel-linux-x86_64-debian-gcc