CRAN Package Check Results for Package VBsparsePCA

Last updated on 2025-04-29 06:49:59 CEST.

Flavor Version Tinstall Tcheck Ttotal Status Flags
r-devel-linux-x86_64-debian-clang 0.1.0 2.32 29.35 31.67 OK
r-devel-linux-x86_64-debian-gcc 0.1.0 1.75 23.89 25.64 NOTE
r-devel-linux-x86_64-fedora-clang 0.1.0 50.77 NOTE
r-devel-linux-x86_64-fedora-gcc 0.1.0 55.94 NOTE
r-devel-windows-x86_64 0.1.0 3.00 51.00 54.00 OK
r-patched-linux-x86_64 0.1.0 2.41 32.41 34.82 OK
r-release-linux-x86_64 0.1.0 2.01 32.56 34.57 OK
r-release-macos-arm64 0.1.0 26.00 OK
r-release-macos-x86_64 0.1.0 49.00 OK
r-release-windows-x86_64 0.1.0 3.00 54.00 57.00 OK
r-oldrel-macos-arm64 0.1.0 27.00 NOTE
r-oldrel-macos-x86_64 0.1.0 38.00 NOTE
r-oldrel-windows-x86_64 0.1.0 3.00 57.00 60.00 NOTE

Check Details

Version: 0.1.0
Check: CRAN incoming feasibility
Result: NOTE Maintainer: ‘Bo (Yu-Chien) Ning <bo.ning@upmc.fr>’ No Authors@R field in DESCRIPTION. Please add one, modifying Authors@R: c(person(given = "Bo", family = "Ning", role = "aut", comment = "Yu-Chien"), person(given = "Bo", family = "Ning", role = "cre", email = "bo.ning@upmc.fr", comment = "Yu-Chien")) as necessary. The Description field contains proposed by Ning (2020) <arXiv:2102.00305>. There are two algorithms: Please refer to arXiv e-prints via their arXiv DOI <doi:10.48550/arXiv.YYMM.NNNNN>. Flavor: r-devel-linux-x86_64-debian-gcc

Version: 0.1.0
Check: dependencies in R code
Result: NOTE Namespace in Imports field not imported from: ‘MASS’ All declared Imports should be used. Flavors: r-devel-linux-x86_64-fedora-clang, r-devel-linux-x86_64-fedora-gcc

Version: 0.1.0
Check: LazyData
Result: NOTE 'LazyData' is specified without a 'data' directory Flavors: r-oldrel-macos-arm64, r-oldrel-macos-x86_64, r-oldrel-windows-x86_64