Last updated on 2025-04-28 18:50:26 CEST.
Flavor | Version | Tinstall | Tcheck | Ttotal | Status | Flags |
---|---|---|---|---|---|---|
r-devel-linux-x86_64-debian-clang | 2.1 | 11.48 | 92.60 | 104.08 | OK | |
r-devel-linux-x86_64-debian-gcc | 2.1 | 7.99 | 71.16 | 79.15 | NOTE | |
r-devel-linux-x86_64-fedora-clang | 2.1 | 159.21 | OK | |||
r-devel-linux-x86_64-fedora-gcc | 2.1 | 180.59 | OK | |||
r-devel-windows-x86_64 | 2.1 | 12.00 | 104.00 | 116.00 | OK | |
r-patched-linux-x86_64 | 2.1 | 11.71 | 91.80 | 103.51 | OK | |
r-release-linux-x86_64 | 2.1 | 9.40 | 91.71 | 101.11 | OK | |
r-release-macos-arm64 | 2.1 | 56.00 | OK | |||
r-release-macos-x86_64 | 2.1 | 101.00 | OK | |||
r-release-windows-x86_64 | 2.1 | 15.00 | 104.00 | 119.00 | OK | |
r-oldrel-macos-arm64 | 2.1 | 53.00 | OK | |||
r-oldrel-macos-x86_64 | 2.1 | 79.00 | OK | |||
r-oldrel-windows-x86_64 | 2.1 | 17.00 | 134.00 | 151.00 | OK |
Version: 2.1
Check: CRAN incoming feasibility
Result: NOTE
Maintainer: ‘Wencan Zhu <wencan.zhu@yahoo.com>’
No Authors@R field in DESCRIPTION.
Please add one, modifying
Authors@R: person(given = "Wencan",
family = "Zhu",
role = c("aut", "cre"),
email = "wencan.zhu@yahoo.com")
as necessary.
Flavor: r-devel-linux-x86_64-debian-gcc