CRAN Package Check Results for Package WeibullFit

Last updated on 2025-07-04 07:49:46 CEST.

Flavor Version Tinstall Tcheck Ttotal Status Flags
r-devel-linux-x86_64-debian-clang 0.1.0 6.53 48.25 54.78 NOTE
r-devel-linux-x86_64-debian-gcc 0.1.0 4.03 38.30 42.33 NOTE
r-devel-linux-x86_64-fedora-clang 0.1.0 88.70 NOTE
r-devel-linux-x86_64-fedora-gcc 0.1.0 83.51 NOTE
r-devel-windows-x86_64 0.1.0 8.00 63.00 71.00 NOTE
r-patched-linux-x86_64 0.1.0 6.35 46.27 52.62 NOTE
r-release-linux-x86_64 0.1.0 6.51 46.30 52.81 NOTE
r-release-macos-arm64 0.1.0 34.00 NOTE
r-release-macos-x86_64 0.1.0 58.00 NOTE
r-release-windows-x86_64 0.1.0 7.00 64.00 71.00 NOTE
r-oldrel-macos-arm64 0.1.0 30.00 NOTE
r-oldrel-macos-x86_64 0.1.0 56.00 NOTE
r-oldrel-windows-x86_64 0.1.0 10.00 78.00 88.00 NOTE

Check Details

Version: 0.1.0
Check: Rd files
Result: NOTE checkRd: (-1) busTrace.Rd:15: Lost braces 15 | /href{https://crawdad.org/coppe-ufrj/RioBuses/20180319/} | ^ Flavors: r-devel-linux-x86_64-debian-clang, r-devel-linux-x86_64-debian-gcc, r-devel-linux-x86_64-fedora-clang, r-devel-linux-x86_64-fedora-gcc, r-devel-windows-x86_64, r-patched-linux-x86_64, r-release-linux-x86_64, r-release-macos-arm64, r-release-macos-x86_64, r-release-windows-x86_64, r-oldrel-macos-arm64, r-oldrel-macos-x86_64, r-oldrel-windows-x86_64