Last updated on 2025-04-29 06:49:36 CEST.
Flavor | Version | Tinstall | Tcheck | Ttotal | Status | Flags |
---|---|---|---|---|---|---|
r-devel-linux-x86_64-debian-clang | 0.2.1 | 12.65 | 70.38 | 83.03 | OK | |
r-devel-linux-x86_64-debian-gcc | 0.2.1 | 8.81 | 44.76 | 53.57 | NOTE | |
r-devel-linux-x86_64-fedora-clang | 0.2.1 | 143.02 | OK | |||
r-devel-linux-x86_64-fedora-gcc | 0.2.1 | 130.38 | OK | |||
r-devel-windows-x86_64 | 0.2.1 | 15.00 | 95.00 | 110.00 | OK | |
r-patched-linux-x86_64 | 0.2.1 | 11.88 | 63.43 | 75.31 | OK | |
r-release-linux-x86_64 | 0.2.1 | 10.37 | 63.93 | 74.30 | OK | |
r-release-macos-arm64 | 0.2.1 | 40.00 | OK | |||
r-release-macos-x86_64 | 0.2.1 | 65.00 | OK | |||
r-release-windows-x86_64 | 0.2.1 | 15.00 | 99.00 | 114.00 | OK | |
r-oldrel-macos-arm64 | 0.2.1 | 58.00 | OK | |||
r-oldrel-macos-x86_64 | 0.2.1 | 86.00 | OK | |||
r-oldrel-windows-x86_64 | 0.2.1 | 16.00 | 120.00 | 136.00 | OK |
Version: 0.2.1
Check: examples
Result: NOTE
Examples with CPU (user + system) or elapsed time > 5s
user system elapsed
detect_pk 6.954 0.012 9.724
Flavor: r-devel-linux-x86_64-debian-gcc