Last updated on 2025-04-28 18:50:02 CEST.
Flavor | Version | Tinstall | Tcheck | Ttotal | Status | Flags |
---|---|---|---|---|---|---|
r-devel-linux-x86_64-debian-clang | 1.1.3 | 2.11 | 45.59 | 47.70 | OK | |
r-devel-linux-x86_64-debian-gcc | 1.1.3 | 2.07 | 35.71 | 37.78 | NOTE | |
r-devel-linux-x86_64-fedora-clang | 1.1.3 | 78.43 | OK | |||
r-devel-linux-x86_64-fedora-gcc | 1.1.3 | 73.74 | OK | |||
r-devel-windows-x86_64 | 1.1.3 | 4.00 | 71.00 | 75.00 | OK | |
r-patched-linux-x86_64 | 1.1.3 | 3.02 | 44.56 | 47.58 | OK | |
r-release-linux-x86_64 | 1.1.3 | 2.16 | 44.05 | 46.21 | OK | |
r-release-macos-arm64 | 1.1.3 | 40.00 | OK | |||
r-release-macos-x86_64 | 1.1.3 | 57.00 | OK | |||
r-release-windows-x86_64 | 1.1.3 | 4.00 | 70.00 | 74.00 | OK | |
r-oldrel-macos-arm64 | 1.1.3 | 31.00 | OK | |||
r-oldrel-macos-x86_64 | 1.1.3 | 58.00 | OK | |||
r-oldrel-windows-x86_64 | 1.1.3 | 5.00 | 78.00 | 83.00 | OK |
Version: 1.1.3
Check: examples
Result: NOTE
Examples with CPU (user + system) or elapsed time > 5s
user system elapsed
rmd2many 3.27 0.41 5.213
Flavor: r-devel-linux-x86_64-debian-gcc